Last updated on 2025-04-30 04:50:04 CEST.
Flavor | Version | Tinstall | Tcheck | Ttotal | Status | Flags |
---|---|---|---|---|---|---|
r-devel-linux-x86_64-debian-clang | 0.5-2 | 23.51 | 219.84 | 243.35 | NOTE | |
r-devel-linux-x86_64-debian-gcc | 0.5-2 | 14.35 | 150.74 | 165.09 | OK | |
r-devel-linux-x86_64-fedora-clang | 0.5-2 | 420.49 | OK | |||
r-devel-linux-x86_64-fedora-gcc | 0.5-2 | 414.39 | OK | |||
r-devel-windows-x86_64 | 0.5-2 | 30.00 | 317.00 | 347.00 | OK | |
r-patched-linux-x86_64 | 0.5-2 | 23.82 | 211.05 | 234.87 | OK | |
r-release-linux-x86_64 | 0.5-2 | 21.86 | 211.03 | 232.89 | OK | |
r-release-macos-arm64 | 0.5-2 | 112.00 | OK | |||
r-release-macos-x86_64 | 0.5-2 | 271.00 | OK | |||
r-release-windows-x86_64 | 0.5-2 | 33.00 | 321.00 | 354.00 | OK | |
r-oldrel-macos-arm64 | 0.5-2 | 103.00 | OK | |||
r-oldrel-macos-x86_64 | 0.5-2 | 258.00 | OK | |||
r-oldrel-windows-x86_64 | 0.5-2 | 34.00 | 375.00 | 409.00 | OK |
Version: 0.5-2
Check: examples
Result: NOTE
Examples with CPU (user + system) or elapsed time > 5s
user system elapsed
accum_sp_hill 6.043 0.058 6.577
ent_sp_simpson 3.831 0.114 5.238
Flavor: r-devel-linux-x86_64-debian-clang