Last updated on 2025-04-30 04:50:04 CEST.
Flavor | Version | Tinstall | Tcheck | Ttotal | Status | Flags |
---|---|---|---|---|---|---|
r-devel-linux-x86_64-debian-clang | 1.0.1 | 3.06 | 234.30 | 237.36 | NOTE | |
r-devel-linux-x86_64-debian-gcc | 1.0.1 | 2.09 | 159.90 | 161.99 | NOTE | |
r-devel-linux-x86_64-fedora-clang | 1.0.1 | 390.70 | OK | |||
r-devel-linux-x86_64-fedora-gcc | 1.0.1 | 383.46 | OK | |||
r-devel-windows-x86_64 | 1.0.1 | 6.00 | 322.00 | 328.00 | OK | |
r-patched-linux-x86_64 | 1.0.1 | 3.34 | 223.23 | 226.57 | OK | |
r-release-linux-x86_64 | 1.0.1 | 2.46 | 224.90 | 227.36 | OK | |
r-release-macos-arm64 | 1.0.1 | 93.00 | OK | |||
r-release-macos-x86_64 | 1.0.1 | 189.00 | OK | |||
r-release-windows-x86_64 | 1.0.1 | 6.00 | 330.00 | 336.00 | OK | |
r-oldrel-macos-arm64 | 1.0.1 | 119.00 | OK | |||
r-oldrel-macos-x86_64 | 1.0.1 | 210.00 | OK | |||
r-oldrel-windows-x86_64 | 1.0.1 | 6.00 | 367.00 | 373.00 | OK |
Version: 1.0.1
Check: examples
Result: NOTE
Examples with CPU (user + system) or elapsed time > 5s
user system elapsed
bandit 8.759 0.217 13.743
Flavor: r-devel-linux-x86_64-debian-clang
Version: 1.0.1
Check: examples
Result: NOTE
Examples with CPU (user + system) or elapsed time > 5s
user system elapsed
bandit 5.317 0.115 6.62
Flavor: r-devel-linux-x86_64-debian-gcc