CRAN Package Check Results for Package dixon

Last updated on 2025-04-30 04:50:04 CEST.

Flavor Version Tinstall Tcheck Ttotal Status Flags
r-devel-linux-x86_64-debian-clang 0.0-9 9.58 73.57 83.15 NOTE
r-devel-linux-x86_64-debian-gcc 0.0-9 7.25 54.31 61.56 NOTE
r-devel-linux-x86_64-fedora-clang 0.0-9 126.75 OK
r-devel-linux-x86_64-fedora-gcc 0.0-9 124.00 OK
r-devel-windows-x86_64 0.0-9 14.00 89.00 103.00 OK
r-patched-linux-x86_64 0.0-9 10.40 71.84 82.24 OK
r-release-linux-x86_64 0.0-9 9.53 69.41 78.94 OK
r-release-macos-arm64 0.0-9 44.00 OK
r-release-macos-x86_64 0.0-9 81.00 OK
r-release-windows-x86_64 0.0-9 12.00 85.00 97.00 OK
r-oldrel-macos-arm64 0.0-9 39.00 OK
r-oldrel-macos-x86_64 0.0-9 68.00 OK
r-oldrel-windows-x86_64 0.0-9 16.00 102.00 118.00 OK

Check Details

Version: 0.0-9
Check: CRAN incoming feasibility
Result: NOTE Maintainer: ‘Marcelino de la Cruz Rot <marcelino.delacruz@urjc.es>’ No Authors@R field in DESCRIPTION. Please add one, modifying Authors@R: c(person(given = c("Marcelino", "de", "la", "Cruz"), family = "Rot", role = c("aut", "cre"), email = "marcelino.delacruz@urjc.es"), person(given = c("Philip", "M."), family = "Dixon", role = "aut")) as necessary. Flavors: r-devel-linux-x86_64-debian-clang, r-devel-linux-x86_64-debian-gcc