CRAN Package Check Results for Package diyar

Last updated on 2025-04-30 04:50:04 CEST.

Flavor Version Tinstall Tcheck Ttotal Status Flags
r-devel-linux-x86_64-debian-clang 0.5.1 18.94 127.40 146.34 NOTE
r-devel-linux-x86_64-debian-gcc 0.5.1 12.42 85.06 97.48 NOTE
r-devel-linux-x86_64-fedora-clang 0.5.1 224.46 OK
r-devel-linux-x86_64-fedora-gcc 0.5.1 226.08 OK
r-devel-windows-x86_64 0.5.1 20.00 127.00 147.00 OK
r-patched-linux-x86_64 0.5.1 21.01 118.84 139.85 OK
r-release-linux-x86_64 0.5.1 19.69 118.73 138.42 OK
r-release-macos-arm64 0.5.1 67.00 OK
r-release-macos-x86_64 0.5.1 128.00 OK
r-release-windows-x86_64 0.5.1 20.00 126.00 146.00 OK
r-oldrel-macos-arm64 0.5.1 73.00 OK
r-oldrel-macos-x86_64 0.5.1 96.00 OK
r-oldrel-windows-x86_64 0.5.1 26.00 158.00 184.00 OK

Check Details

Version: 0.5.1
Check: CRAN incoming feasibility
Result: NOTE Maintainer: ‘Olisaeloka Nsonwu <olisa.nsonwu@gmail.com>’ No Authors@R field in DESCRIPTION. Please add one, modifying Authors@R: person(given = "Olisaeloka", family = "Nsonwu", role = c("aut", "cre"), email = "olisa.nsonwu@gmail.com") as necessary. Flavors: r-devel-linux-x86_64-debian-clang, r-devel-linux-x86_64-debian-gcc