Last updated on 2025-04-30 04:50:04 CEST.
Flavor | Version | Tinstall | Tcheck | Ttotal | Status | Flags |
---|---|---|---|---|---|---|
r-devel-linux-x86_64-debian-clang | 0.1.0 | 1.98 | 37.63 | 39.61 | NOTE | |
r-devel-linux-x86_64-debian-gcc | 0.1.0 | 1.47 | 26.43 | 27.90 | NOTE | |
r-devel-linux-x86_64-fedora-clang | 0.1.0 | 61.45 | OK | |||
r-devel-linux-x86_64-fedora-gcc | 0.1.0 | 57.21 | OK | |||
r-devel-windows-x86_64 | 0.1.0 | 4.00 | 60.00 | 64.00 | OK | |
r-patched-linux-x86_64 | 0.1.0 | 2.01 | 34.94 | 36.95 | OK | |
r-release-linux-x86_64 | 0.1.0 | 1.80 | 35.29 | 37.09 | OK | |
r-release-macos-arm64 | 0.1.0 | 26.00 | OK | |||
r-release-macos-x86_64 | 0.1.0 | 48.00 | OK | |||
r-release-windows-x86_64 | 0.1.0 | 4.00 | 59.00 | 63.00 | OK | |
r-oldrel-macos-arm64 | 0.1.0 | 20.00 | NOTE | |||
r-oldrel-macos-x86_64 | 0.1.0 | 32.00 | NOTE | |||
r-oldrel-windows-x86_64 | 0.1.0 | 5.00 | 62.00 | 67.00 | NOTE |
Version: 0.1.0
Check: CRAN incoming feasibility
Result: NOTE
Maintainer: ‘Shijia Zhang <zsj27@mail.ustc.edu.cn>’
No Authors@R field in DESCRIPTION.
Please add one, modifying
Authors@R: c(person(given = c("Shijia", "Zhang;", "Meng"),
family = "Li",
role = "aut"),
person(given = "Shijia",
family = "Zhang",
role = "cre",
email = "zsj27@mail.ustc.edu.cn"))
as necessary.
Flavors: r-devel-linux-x86_64-debian-clang, r-devel-linux-x86_64-debian-gcc
Version: 0.1.0
Check: examples
Result: NOTE
Examples with CPU (user + system) or elapsed time > 5s
user system elapsed
dlvs 5.709 0.090 6.751
dl 4.738 0.093 6.078
dlanalysis 4.629 0.028 6.026
Flavor: r-devel-linux-x86_64-debian-clang
Version: 0.1.0
Check: LazyData
Result: NOTE
'LazyData' is specified without a 'data' directory
Flavors: r-oldrel-macos-arm64, r-oldrel-macos-x86_64, r-oldrel-windows-x86_64