Last updated on 2025-04-30 04:50:04 CEST.
Flavor | Version | Tinstall | Tcheck | Ttotal | Status | Flags |
---|---|---|---|---|---|---|
r-devel-linux-x86_64-debian-clang | 0.6.3 | 30.38 | 276.67 | 307.05 | NOTE | |
r-devel-linux-x86_64-debian-gcc | 0.6.3 | 17.96 | 183.93 | 201.89 | NOTE | |
r-devel-linux-x86_64-fedora-clang | 0.6.3 | 491.55 | OK | |||
r-devel-linux-x86_64-fedora-gcc | 0.6.3 | 449.39 | OK | |||
r-devel-windows-x86_64 | 0.6.3 | 33.00 | 314.00 | 347.00 | NOTE | |
r-patched-linux-x86_64 | 0.6.3 | 29.74 | 263.83 | 293.57 | NOTE | |
r-release-linux-x86_64 | 0.6.3 | 21.03 | 263.55 | 284.58 | NOTE | |
r-release-macos-arm64 | 0.6.3 | 157.00 | OK | |||
r-release-macos-x86_64 | 0.6.3 | 277.00 | OK | |||
r-release-windows-x86_64 | 0.6.3 | 34.00 | 299.00 | 333.00 | NOTE | |
r-oldrel-macos-arm64 | 0.6.3 | 158.00 | OK | |||
r-oldrel-macos-x86_64 | 0.6.3 | 211.00 | OK | |||
r-oldrel-windows-x86_64 | 0.6.3 | 46.00 | 395.00 | 441.00 | OK |
Version: 0.6.3
Check: Rd cross-references
Result: NOTE
Found the following Rd file(s) with Rd \link{} targets missing package
anchors:
compare_category.data.frame.Rd: tbl_df
compare_numeric.data.frame.Rd: tbl_df
correlate.data.frame.Rd: grouped_df
describe.data.frame.Rd: tbl_df, grouped_df, group_by
describe.tbl_dbi.Rd: group_by
diagnose.data.frame.Rd: tbl_df, grouped_df
diagnose_category.data.frame.Rd: tbl_df, grouped_df
diagnose_numeric.data.frame.Rd: tbl_df, grouped_df
diagnose_outlier.data.frame.Rd: tbl_df, grouped_df
diagnose_paged_report.data.frame.Rd: tbl_df
diagnose_report.data.frame.Rd: tbl_df
diagnose_sparese.data.frame.Rd: tbl_df
diagnose_web_report.data.frame.Rd: tbl_df
eda_paged_report.data.frame.Rd: tbl_df
eda_report.data.frame.Rd: tbl_df
eda_web_report.data.frame.Rd: tbl_df
find_na.Rd: tbl_df
find_outliers.Rd: tbl_df
find_skewness.Rd: tbl_df
imputate_na.Rd: tbl_df
imputate_outlier.Rd: tbl_df
normality.data.frame.Rd: tbl_df, group_by
normality.tbl_dbi.Rd: group_by
overview.Rd: tbl_df
plot_bar_category.data.frame.Rd: tbl_df, grouped_df
plot_box_numeric.data.frame.Rd: tbl_df, grouped_df
plot_correlate.data.frame.Rd: tbl_df
plot_hist_numeric.data.frame.Rd: tbl_df, grouped_df
plot_normality.data.frame.Rd: tbl_df
plot_outlier.data.frame.Rd: tbl_df
plot_qq_numeric.data.frame.Rd: tbl_df, grouped_df
target_by.data.frame.Rd: tbl_df, grouped_df
target_by.tbl_dbi.Rd: grouped_df
transformation_paged_report.Rd: tbl_df
transformation_report.Rd: tbl_df
transformation_web_report.Rd: tbl_df
univar_category.data.frame.Rd: tbl_df
univar_numeric.data.frame.Rd: tbl_df
Please provide package anchors for all Rd \link{} targets not in the
package itself and the base packages.
Flavors: r-devel-linux-x86_64-debian-clang, r-devel-linux-x86_64-debian-gcc, r-devel-windows-x86_64, r-patched-linux-x86_64, r-release-linux-x86_64, r-release-windows-x86_64
Version: 0.6.3
Check: examples
Result: NOTE
Examples with CPU (user + system) or elapsed time > 5s
user system elapsed
plot_bar_category.data.frame 12.627 0.120 19.825
plot.pps 4.401 0.080 5.640
plot.optimal_bins 3.911 0.066 5.202
Flavor: r-devel-linux-x86_64-debian-clang
Version: 0.6.3
Check: examples
Result: NOTE
Examples with CPU (user + system) or elapsed time > 5s
user system elapsed
plot_bar_category.data.frame 8.204 0.146 11.587
Flavor: r-devel-linux-x86_64-debian-gcc