Last updated on 2025-04-30 04:50:04 CEST.
Flavor | Version | Tinstall | Tcheck | Ttotal | Status | Flags |
---|---|---|---|---|---|---|
r-devel-linux-x86_64-debian-clang | 1.0.11 | 17.11 | 351.16 | 368.27 | NOTE | |
r-devel-linux-x86_64-debian-gcc | 1.0.11 | 9.80 | 237.74 | 247.54 | NOTE | |
r-devel-linux-x86_64-fedora-clang | 1.0.11 | 608.67 | OK | |||
r-devel-linux-x86_64-fedora-gcc | 1.0.11 | 587.61 | OK | |||
r-devel-windows-x86_64 | 1.0.11 | 21.00 | 259.00 | 280.00 | OK | |
r-patched-linux-x86_64 | 1.0.11 | 15.83 | 334.33 | 350.16 | NOTE | |
r-release-linux-x86_64 | 1.0.11 | 15.87 | 329.59 | 345.46 | NOTE | |
r-release-macos-arm64 | 1.0.11 | 147.00 | OK | |||
r-release-macos-x86_64 | 1.0.11 | 320.00 | OK | |||
r-release-windows-x86_64 | 1.0.11 | 22.00 | 266.00 | 288.00 | OK | |
r-oldrel-macos-arm64 | 1.0.11 | 147.00 | OK | |||
r-oldrel-macos-x86_64 | 1.0.11 | 260.00 | OK | |||
r-oldrel-windows-x86_64 | 1.0.11 | 27.00 | 358.00 | 385.00 | OK |
Version: 1.0.11
Check: examples
Result: NOTE
Examples with CPU (user + system) or elapsed time > 5s
user system elapsed
rows-dm 6.194 0.024 7.561
Flavor: r-devel-linux-x86_64-debian-clang
Version: 1.0.11
Check: for unstated dependencies in ‘demo’
Result: NOTE
'library' or 'require' call not declared from: ‘tidyverse’
Flavors: r-devel-linux-x86_64-debian-clang, r-devel-linux-x86_64-debian-gcc, r-patched-linux-x86_64, r-release-linux-x86_64
Version: 1.0.11
Check: examples
Result: NOTE
Examples with CPU (user + system) or elapsed time > 5s
user system elapsed
rows-dm 4.12 0.019 5.226
Flavor: r-devel-linux-x86_64-debian-gcc