Last updated on 2025-04-30 04:50:04 CEST.
Flavor | Version | Tinstall | Tcheck | Ttotal | Status | Flags |
---|---|---|---|---|---|---|
r-devel-linux-x86_64-debian-clang | 1.1.1 | 6.22 | 70.63 | 76.85 | NOTE | |
r-devel-linux-x86_64-debian-gcc | 1.1.1 | 5.11 | 49.94 | 55.05 | OK | |
r-devel-linux-x86_64-fedora-clang | 1.1.1 | 119.53 | OK | |||
r-devel-linux-x86_64-fedora-gcc | 1.1.1 | 113.60 | OK | |||
r-devel-windows-x86_64 | 1.1.1 | 7.00 | 82.00 | 89.00 | OK | |
r-patched-linux-x86_64 | 1.1.1 | 6.22 | 68.86 | 75.08 | OK | |
r-release-linux-x86_64 | 1.1.1 | 6.73 | 67.28 | 74.01 | OK | |
r-release-macos-arm64 | 1.1.1 | 35.00 | OK | |||
r-release-macos-x86_64 | 1.1.1 | 63.00 | OK | |||
r-release-windows-x86_64 | 1.1.1 | 7.00 | 80.00 | 87.00 | OK | |
r-oldrel-macos-arm64 | 1.1.1 | 32.00 | OK | |||
r-oldrel-macos-x86_64 | 1.1.1 | 52.00 | OK | |||
r-oldrel-windows-x86_64 | 1.1.1 | 10.00 | 100.00 | 110.00 | OK |
Version: 1.1.1
Check: examples
Result: NOTE
Examples with CPU (user + system) or elapsed time > 5s
user system elapsed
AUC_IF 6.965 0.088 8.320
AUC_comparison 5.589 0.004 6.152
Flavor: r-devel-linux-x86_64-debian-clang