CRAN Package Check Results for Package dmri.tracking

Last updated on 2025-04-30 04:50:04 CEST.

Flavor Version Tinstall Tcheck Ttotal Status Flags
r-devel-linux-x86_64-debian-clang 0.1.0 2.38 28.91 31.29 NOTE
r-devel-linux-x86_64-debian-gcc 0.1.0 1.94 21.84 23.78 NOTE
r-devel-linux-x86_64-fedora-clang 0.1.0 50.82 OK
r-devel-linux-x86_64-fedora-gcc 0.1.0 60.73 OK
r-devel-windows-x86_64 0.1.0 7.00 48.00 55.00 NOTE
r-patched-linux-x86_64 0.1.0 2.72 27.33 30.05 NOTE
r-release-linux-x86_64 0.1.0 2.64 27.14 29.78 NOTE
r-release-macos-arm64 0.1.0 32.00 OK
r-release-macos-x86_64 0.1.0 48.00 OK
r-release-windows-x86_64 0.1.0 7.00 53.00 60.00 NOTE
r-oldrel-macos-arm64 0.1.0 26.00 OK
r-oldrel-macos-x86_64 0.1.0 38.00 OK
r-oldrel-windows-x86_64 0.1.0 8.00 56.00 64.00 OK

Check Details

Version: 0.1.0
Check: Rd cross-references
Result: NOTE Found the following Rd file(s) with Rd \link{} targets missing package anchors: tractography.Rd: rgl Please provide package anchors for all Rd \link{} targets not in the package itself and the base packages. Flavors: r-devel-linux-x86_64-debian-clang, r-devel-linux-x86_64-debian-gcc, r-devel-windows-x86_64, r-patched-linux-x86_64, r-release-linux-x86_64, r-release-windows-x86_64