Last updated on 2025-04-30 04:50:04 CEST.
Flavor | Version | Tinstall | Tcheck | Ttotal | Status | Flags |
---|---|---|---|---|---|---|
r-devel-linux-x86_64-debian-clang | 0.2.1 | 62.67 | 24.09 | 86.76 | NOTE | |
r-devel-linux-x86_64-debian-gcc | 0.2.1 | 46.09 | 19.64 | 65.73 | NOTE | |
r-devel-linux-x86_64-fedora-clang | 0.2.1 | 180.70 | OK | |||
r-devel-linux-x86_64-fedora-gcc | 0.2.1 | 167.51 | OK | |||
r-devel-windows-x86_64 | 0.2.1 | 73.00 | 64.00 | 137.00 | OK | |
r-patched-linux-x86_64 | 0.2.1 | 66.00 | 23.45 | 89.45 | OK | |
r-release-linux-x86_64 | 0.2.1 | 67.48 | 23.18 | 90.66 | OK | |
r-release-macos-arm64 | 0.2.1 | 45.00 | OK | |||
r-release-macos-x86_64 | 0.2.1 | 44.00 | OK | |||
r-release-windows-x86_64 | 0.2.1 | 72.00 | 61.00 | 133.00 | OK | |
r-oldrel-macos-arm64 | 0.2.1 | 44.00 | NOTE | |||
r-oldrel-macos-x86_64 | 0.2.1 | 47.00 | NOTE | |||
r-oldrel-windows-x86_64 | 0.2.1 | 68.00 | 67.00 | 135.00 | NOTE |
Version: 0.2.1
Check: CRAN incoming feasibility
Result: NOTE
Maintainer: ‘Jiayue Zeng <zengjiayue@126.com>’
Package CITATION file contains call(s) to old-style personList() or
as.personList(). Please use c() on person objects instead.
Package CITATION file contains call(s) to old-style citEntry(). Please
use bibentry() instead.
Flavors: r-devel-linux-x86_64-debian-clang, r-devel-linux-x86_64-debian-gcc
Version: 0.2.1
Check: LazyData
Result: NOTE
'LazyData' is specified without a 'data' directory
Flavors: r-oldrel-macos-arm64, r-oldrel-macos-x86_64, r-oldrel-windows-x86_64