Last updated on 2025-04-30 04:50:04 CEST.
Flavor | Version | Tinstall | Tcheck | Ttotal | Status | Flags |
---|---|---|---|---|---|---|
r-devel-linux-x86_64-debian-clang | 0.3.5 | 9.66 | 140.59 | 150.25 | NOTE | |
r-devel-linux-x86_64-debian-gcc | 0.3.5 | 5.65 | 96.31 | 101.96 | NOTE | |
r-devel-linux-x86_64-fedora-clang | 0.3.5 | 241.88 | NOTE | |||
r-devel-linux-x86_64-fedora-gcc | 0.3.5 | 241.28 | NOTE | |||
r-devel-windows-x86_64 | 0.3.5 | 12.00 | 156.00 | 168.00 | NOTE | |
r-patched-linux-x86_64 | 0.3.5 | 9.09 | 136.59 | 145.68 | NOTE | |
r-release-linux-x86_64 | 0.3.5 | 8.82 | 135.02 | 143.84 | NOTE | |
r-release-macos-arm64 | 0.3.5 | 89.00 | NOTE | |||
r-release-macos-x86_64 | 0.3.5 | 149.00 | NOTE | |||
r-release-windows-x86_64 | 0.3.5 | 11.00 | 156.00 | 167.00 | NOTE | |
r-oldrel-macos-arm64 | 0.3.5 | 91.00 | NOTE | |||
r-oldrel-macos-x86_64 | 0.3.5 | 178.00 | NOTE | |||
r-oldrel-windows-x86_64 | 0.3.5 | 13.00 | 194.00 | 207.00 | NOTE |
Version: 0.3.5
Check: package subdirectories
Result: NOTE
Problems with news in ‘NEWS.md’:
No news entries found.
Flavors: r-devel-linux-x86_64-debian-clang, r-devel-linux-x86_64-debian-gcc, r-devel-linux-x86_64-fedora-clang, r-devel-linux-x86_64-fedora-gcc, r-devel-windows-x86_64, r-patched-linux-x86_64, r-release-linux-x86_64, r-release-macos-arm64, r-release-macos-x86_64, r-release-windows-x86_64, r-oldrel-macos-arm64, r-oldrel-macos-x86_64, r-oldrel-windows-x86_64
Version: 0.3.5
Check: Rd files
Result: NOTE
checkRd: (-1) dnr.Rd:12: Escaped LaTeX specials: \#
Flavors: r-devel-linux-x86_64-debian-clang, r-devel-linux-x86_64-debian-gcc, r-devel-linux-x86_64-fedora-clang, r-devel-linux-x86_64-fedora-gcc, r-devel-windows-x86_64, r-patched-linux-x86_64, r-release-linux-x86_64, r-release-macos-arm64, r-release-macos-x86_64, r-release-windows-x86_64, r-oldrel-macos-arm64, r-oldrel-macos-x86_64, r-oldrel-windows-x86_64
Version: 0.3.5
Check: examples
Result: NOTE
Examples with CPU (user + system) or elapsed time > 5s
user system elapsed
paramVertex 5.824 0.29 7.01
Flavor: r-devel-linux-x86_64-debian-clang
Version: 0.3.5
Check: examples
Result: NOTE
Examples with CPU (user + system) or elapsed time > 5s
user system elapsed
paramVertex 4.088 0.243 5.422
Flavor: r-devel-linux-x86_64-debian-gcc