Last updated on 2025-04-30 04:50:04 CEST.
Flavor | Version | Tinstall | Tcheck | Ttotal | Status | Flags |
---|---|---|---|---|---|---|
r-devel-linux-x86_64-debian-clang | 4.6.26 | 23.60 | 154.38 | 177.98 | NOTE | |
r-devel-linux-x86_64-debian-gcc | 4.6.26 | 18.29 | 109.36 | 127.65 | NOTE | |
r-devel-linux-x86_64-fedora-clang | 4.6.26 | 296.84 | OK | |||
r-devel-linux-x86_64-fedora-gcc | 4.6.26 | 298.93 | OK | |||
r-devel-windows-x86_64 | 4.6.26 | 25.00 | 180.00 | 205.00 | OK | |
r-patched-linux-x86_64 | 4.6.26 | 24.13 | 148.44 | 172.57 | OK | |
r-release-linux-x86_64 | 4.6.26 | 22.65 | 148.13 | 170.78 | OK | |
r-release-macos-arm64 | 4.6.26 | 86.00 | OK | |||
r-release-macos-x86_64 | 4.6.26 | 240.00 | OK | |||
r-release-windows-x86_64 | 4.6.26 | 25.00 | 179.00 | 204.00 | OK | |
r-oldrel-macos-arm64 | 4.6.26 | 93.00 | NOTE | |||
r-oldrel-macos-x86_64 | 4.6.26 | 167.00 | NOTE | |||
r-oldrel-windows-x86_64 | 4.6.26 | 33.00 | 219.00 | 252.00 | OK |
Version: 4.6.26
Check: examples
Result: NOTE
Examples with CPU (user + system) or elapsed time > 5s
user system elapsed
response_plot 7.732 0.098 11.543
plot_lm 4.035 0.055 6.661
Flavor: r-devel-linux-x86_64-debian-clang
Version: 4.6.26
Check: examples
Result: NOTE
Examples with CPU (user + system) or elapsed time > 5s
user system elapsed
response_plot 4.709 0.06 6.448
Flavor: r-devel-linux-x86_64-debian-gcc
Version: 4.6.26
Check: installed package size
Result: NOTE
installed size is 5.8Mb
sub-directories of 1Mb or more:
data 4.7Mb
Flavors: r-oldrel-macos-arm64, r-oldrel-macos-x86_64