Last updated on 2025-02-21 03:52:10 CET.
Flavor | Version | Tinstall | Tcheck | Ttotal | Status | Flags |
---|---|---|---|---|---|---|
r-devel-linux-x86_64-debian-clang | 4.6.25 | 23.27 | 148.33 | 171.60 | OK | |
r-devel-linux-x86_64-debian-gcc | 4.6.25 | 18.21 | 102.93 | 121.14 | OK | |
r-devel-linux-x86_64-fedora-clang | 4.6.25 | 266.43 | OK | |||
r-devel-linux-x86_64-fedora-gcc | 4.6.25 | 265.28 | OK | |||
r-devel-macos-arm64 | 4.6.25 | 73.00 | OK | |||
r-devel-macos-x86_64 | 4.6.25 | 170.00 | OK | |||
r-devel-windows-x86_64 | 4.6.25 | 24.00 | 172.00 | 196.00 | OK | |
r-patched-linux-x86_64 | 4.6.25 | 20.40 | 136.55 | 156.95 | OK | |
r-release-linux-x86_64 | 4.6.25 | 21.42 | 136.95 | 158.37 | OK | |
r-release-macos-arm64 | 4.6.25 | 99.00 | NOTE | |||
r-release-macos-x86_64 | 4.6.25 | 163.00 | NOTE | |||
r-release-windows-x86_64 | 4.6.25 | 24.00 | 170.00 | 194.00 | OK | |
r-oldrel-macos-arm64 | 4.6.24 | 90.00 | NOTE | |||
r-oldrel-macos-x86_64 | 4.6.25 | 153.00 | NOTE | |||
r-oldrel-windows-x86_64 | 4.6.25 | 32.00 | 202.00 | 234.00 | OK |
Version: 4.6.25
Check: installed package size
Result: NOTE
installed size is 5.8Mb
sub-directories of 1Mb or more:
data 4.7Mb
Flavors: r-release-macos-arm64, r-release-macos-x86_64, r-oldrel-macos-x86_64
Version: 4.6.24
Check: installed package size
Result: NOTE
installed size is 5.8Mb
sub-directories of 1Mb or more:
data 4.7Mb
Flavor: r-oldrel-macos-arm64