CRAN Package Check Results for Package doRNG

Last updated on 2025-04-30 04:50:04 CEST.

Flavor Version Tinstall Tcheck Ttotal Status Flags
r-devel-linux-x86_64-debian-clang 1.8.6.2 2.15 26.94 29.09 OK
r-devel-linux-x86_64-debian-gcc 1.8.6.2 1.63 21.28 22.91 OK
r-devel-linux-x86_64-fedora-clang 1.8.6.2 47.95 OK
r-devel-linux-x86_64-fedora-gcc 1.8.6.2 42.50 OK
r-devel-windows-x86_64 1.8.6.2 4.00 49.00 53.00 OK
r-patched-linux-x86_64 1.8.6.2 2.13 26.55 28.68 OK
r-release-linux-x86_64 1.8.6.2 1.96 26.14 28.10 OK
r-release-macos-arm64 1.8.6.2 27.00 OK
r-release-macos-x86_64 1.8.6.2 67.00 OK
r-release-windows-x86_64 1.8.6.2 4.00 54.00 58.00 OK
r-oldrel-macos-arm64 1.8.6.2 43.00 NOTE
r-oldrel-macos-x86_64 1.8.6.2 75.00 NOTE
r-oldrel-windows-x86_64 1.8.6.2 3.00 56.00 59.00 OK

Additional issues

noSuggests

Check Details

Version: 1.8.6.2
Check: package dependencies
Result: NOTE Package suggested but not available for checking: ‘doMPI’ Flavors: r-oldrel-macos-arm64, r-oldrel-macos-x86_64

Version: 1.8.6.2
Check: Rd cross-references
Result: NOTE Package unavailable to check Rd xrefs: ‘doMPI’ Flavors: r-oldrel-macos-arm64, r-oldrel-macos-x86_64