Last updated on 2025-04-30 04:50:04 CEST.
Flavor | Version | Tinstall | Tcheck | Ttotal | Status | Flags |
---|---|---|---|---|---|---|
r-devel-linux-x86_64-debian-clang | 0.4.2 | 121.20 | 264.97 | 386.17 | NOTE | |
r-devel-linux-x86_64-debian-gcc | 0.4.2 | 102.21 | 187.79 | 290.00 | OK | |
r-devel-linux-x86_64-fedora-clang | 0.4.2 | 650.60 | OK | |||
r-devel-linux-x86_64-fedora-gcc | 0.4.2 | 677.27 | OK | |||
r-devel-windows-x86_64 | 0.4.2 | 164.00 | 263.00 | 427.00 | OK | |
r-patched-linux-x86_64 | 0.4.2 | 142.08 | 254.44 | 396.52 | OK | |
r-release-linux-x86_64 | 0.4.2 | 138.44 | 254.33 | 392.77 | OK | |
r-release-macos-arm64 | 0.4.2 | 232.00 | OK | |||
r-release-macos-x86_64 | 0.4.2 | 333.00 | OK | |||
r-release-windows-x86_64 | 0.4.2 | 168.00 | 260.00 | 428.00 | OK | |
r-oldrel-macos-arm64 | 0.4.2 | 165.00 | NOTE | |||
r-oldrel-macos-x86_64 | 0.4.2 | 263.00 | NOTE | |||
r-oldrel-windows-x86_64 | 0.4.2 | 176.00 | 325.00 | 501.00 | NOTE |
Version: 0.4.2
Check: examples
Result: NOTE
Examples with CPU (user + system) or elapsed time > 5s
user system elapsed
dodgr_isodists 5.638 0.282 4.755
dodgr_sample 5.568 0.307 2.180
dodgr_to_igraph 5.485 0.342 2.269
dodgr_dists_categorical 5.479 0.293 2.487
dodgr_contract_graph 5.439 0.301 2.391
Examples with CPU time > 2.5 times elapsed time
user system elapsed ratio
dodgr_sample 5.568 0.307 2.180 2.695
dodgr_to_igraph 5.485 0.342 2.269 2.568
Flavor: r-devel-linux-x86_64-debian-clang
Version: 0.4.2
Check: installed package size
Result: NOTE
installed size is 20.9Mb
sub-directories of 1Mb or more:
doc 6.7Mb
libs 13.5Mb
Flavors: r-oldrel-macos-arm64, r-oldrel-macos-x86_64, r-oldrel-windows-x86_64
Version: 0.4.2
Check: for GNU extensions in Makefiles
Result: NOTE
GNU make is a SystemRequirements.
Flavors: r-oldrel-macos-arm64, r-oldrel-macos-x86_64, r-oldrel-windows-x86_64