CRAN Package Check Results for Package dogesr

Last updated on 2025-04-30 04:50:04 CEST.

Flavor Version Tinstall Tcheck Ttotal Status Flags
r-devel-linux-x86_64-debian-clang 0.5.0 7.03 89.38 96.41 NOTE
r-devel-linux-x86_64-debian-gcc 0.5.0 4.79 63.56 68.35 NOTE
r-devel-linux-x86_64-fedora-clang 0.5.0 142.37 OK
r-devel-linux-x86_64-fedora-gcc 0.5.0 144.60 OK
r-devel-windows-x86_64 0.5.0 9.00 98.00 107.00 OK
r-patched-linux-x86_64 0.5.0 5.82 83.67 89.49 OK
r-release-linux-x86_64 0.5.0 5.94 82.45 88.39 OK
r-release-macos-arm64 0.5.0 65.00 OK
r-release-macos-x86_64 0.5.0 92.00 OK
r-release-windows-x86_64 0.5.0 9.00 102.00 111.00 OK
r-oldrel-macos-arm64 0.5.0 51.00 OK
r-oldrel-macos-x86_64 0.5.0 73.00 OK
r-oldrel-windows-x86_64 0.5.0 10.00 124.00 134.00 OK

Check Details

Version: 0.5.0
Check: CRAN incoming feasibility
Result: NOTE Maintainer: ‘Juan Julián Merelo-Guervós <jjmerelo@gmail.com>’ No Authors@R field in DESCRIPTION. Please add one, modifying Authors@R: person(given = c("Juan", "Julián"), family = "Merelo-Guervós", role = c("aut", "cre"), email = "jjmerelo@gmail.com") as necessary. The Description field contains used in Merelo (2022) <arXiv:2209.07334>. Please refer to arXiv e-prints via their arXiv DOI <doi:10.48550/arXiv.YYMM.NNNNN>. Flavors: r-devel-linux-x86_64-debian-clang, r-devel-linux-x86_64-debian-gcc