Last updated on 2025-04-30 04:50:04 CEST.
Flavor | Version | Tinstall | Tcheck | Ttotal | Status | Flags |
---|---|---|---|---|---|---|
r-devel-linux-x86_64-debian-clang | 1.3.3 | 1.79 | 22.04 | 23.83 | NOTE | |
r-devel-linux-x86_64-debian-gcc | 1.3.3 | 1.51 | 17.35 | 18.86 | NOTE | |
r-devel-linux-x86_64-fedora-clang | 1.3.3 | 37.01 | OK | |||
r-devel-linux-x86_64-fedora-gcc | 1.3.3 | 35.83 | OK | |||
r-devel-windows-x86_64 | 1.3.3 | 4.00 | 48.00 | 52.00 | OK | |
r-patched-linux-x86_64 | 1.3.3 | 2.07 | 21.07 | 23.14 | OK | |
r-release-linux-x86_64 | 1.3.3 | 1.83 | 21.14 | 22.97 | OK | |
r-release-macos-arm64 | 1.3.3 | 29.00 | OK | |||
r-release-macos-x86_64 | 1.3.3 | 29.00 | OK | |||
r-release-windows-x86_64 | 1.3.3 | 2.00 | 54.00 | 56.00 | OK | |
r-oldrel-macos-arm64 | 1.3.3 | 16.00 | OK | |||
r-oldrel-macos-x86_64 | 1.3.3 | 22.00 | OK | |||
r-oldrel-windows-x86_64 | 1.3.3 | 3.00 | 46.00 | 49.00 | OK |
Version: 1.3.3
Check: CRAN incoming feasibility
Result: NOTE
Maintainer: ‘Andrew Redd <Andrew.Redd@hsc.utah.edu>’
No Authors@R field in DESCRIPTION.
Please add one, modifying
Authors@R: person(given = "Andrew",
family = "Redd",
role = c("aut", "cre"),
email = "Andrew.Redd@hsc.utah.edu")
as necessary.
Flavors: r-devel-linux-x86_64-debian-clang, r-devel-linux-x86_64-debian-gcc