CRAN Package Check Results for Package dots

Last updated on 2025-04-30 04:50:04 CEST.

Flavor Version Tinstall Tcheck Ttotal Status Flags
r-devel-linux-x86_64-debian-clang 0.0.2 4.14 96.88 101.02 NOTE
r-devel-linux-x86_64-debian-gcc 0.0.2 3.46 65.24 68.70 NOTE
r-devel-linux-x86_64-fedora-clang 0.0.2 156.01 OK
r-devel-linux-x86_64-fedora-gcc 0.0.2 166.26 OK
r-devel-windows-x86_64 0.0.2 6.00 113.00 119.00 OK
r-patched-linux-x86_64 0.0.2 4.64 91.73 96.37 OK
r-release-linux-x86_64 0.0.2 4.71 91.97 96.68 OK
r-release-macos-arm64 0.0.2 50.00 OK
r-release-macos-x86_64 0.0.2 112.00 OK
r-release-windows-x86_64 0.0.2 7.00 111.00 118.00 OK
r-oldrel-macos-arm64 0.0.2 49.00 OK
r-oldrel-macos-x86_64 0.0.2 86.00 OK
r-oldrel-windows-x86_64 0.0.2 8.00 140.00 148.00 OK

Check Details

Version: 0.0.2
Check: examples
Result: NOTE Examples with CPU (user + system) or elapsed time > 5s user system elapsed dots 8.635 0.163 11.241 Flavor: r-devel-linux-x86_64-debian-clang

Version: 0.0.2
Check: examples
Result: NOTE Examples with CPU (user + system) or elapsed time > 5s user system elapsed dots 5.173 0.162 8.09 Flavor: r-devel-linux-x86_64-debian-gcc