Last updated on 2025-04-30 04:50:04 CEST.
Flavor | Version | Tinstall | Tcheck | Ttotal | Status | Flags |
---|---|---|---|---|---|---|
r-devel-linux-x86_64-debian-clang | 0.0.1 | 5.09 | 56.18 | 61.27 | NOTE | |
r-devel-linux-x86_64-debian-gcc | 0.0.1 | 4.22 | 39.63 | 43.85 | NOTE | |
r-devel-linux-x86_64-fedora-clang | 0.0.1 | 88.01 | OK | |||
r-devel-linux-x86_64-fedora-gcc | 0.0.1 | 81.14 | OK | |||
r-devel-windows-x86_64 | 0.0.1 | 8.00 | 73.00 | 81.00 | OK | |
r-patched-linux-x86_64 | 0.0.1 | 5.50 | 51.90 | 57.40 | OK | |
r-release-linux-x86_64 | 0.0.1 | 6.02 | 51.15 | 57.17 | OK | |
r-release-macos-arm64 | 0.0.1 | 28.00 | OK | |||
r-release-macos-x86_64 | 0.0.1 | 54.00 | OK | |||
r-release-windows-x86_64 | 0.0.1 | 8.00 | 70.00 | 78.00 | OK | |
r-oldrel-macos-arm64 | 0.0.1 | 29.00 | OK | |||
r-oldrel-macos-x86_64 | 0.0.1 | 42.00 | OK | |||
r-oldrel-windows-x86_64 | 0.0.1 | 9.00 | 83.00 | 92.00 | OK |
Version: 0.0.1
Check: examples
Result: NOTE
Examples with CPU (user + system) or elapsed time > 5s
user system elapsed
dots_and_violin 8.287 0.202 10.808
Flavor: r-devel-linux-x86_64-debian-clang
Version: 0.0.1
Check: examples
Result: NOTE
Examples with CPU (user + system) or elapsed time > 5s
user system elapsed
dots_and_violin 5.175 0.176 6.467
Flavor: r-devel-linux-x86_64-debian-gcc