CRAN Package Check Results for Package dowser

Last updated on 2025-04-30 04:50:04 CEST.

Flavor Version Tinstall Tcheck Ttotal Status Flags
r-devel-linux-x86_64-debian-clang 2.3 53.73 580.61 634.34 OK
r-devel-linux-x86_64-debian-gcc 2.3 37.07 414.81 451.88 OK
r-devel-linux-x86_64-fedora-clang 2.3 1055.60 OK
r-devel-linux-x86_64-fedora-gcc 2.3 966.73 OK
r-devel-windows-x86_64 2.3 53.00 607.00 660.00 OK
r-patched-linux-x86_64 2.3 53.69 563.58 617.27 OK
r-release-linux-x86_64 2.3 51.00 558.37 609.37 OK
r-release-macos-arm64 2.3 271.00 OK
r-release-macos-x86_64 2.3 516.00 OK
r-release-windows-x86_64 2.3 55.00 601.00 656.00 OK
r-oldrel-macos-arm64 2.3 196.00 OK
r-oldrel-macos-x86_64 2.3 315.00 NOTE
r-oldrel-windows-x86_64 2.3 68.00 745.00 813.00 OK

Check Details

Version: 2.3
Check: package dependencies
Result: NOTE Package suggested but not available for checking: ‘pwalign’ Flavor: r-oldrel-macos-x86_64