Last updated on 2025-04-30 04:50:04 CEST.
Flavor | Version | Tinstall | Tcheck | Ttotal | Status | Flags |
---|---|---|---|---|---|---|
r-devel-linux-x86_64-debian-clang | 0.1.0 | 3.23 | 312.79 | 316.02 | NOTE | |
r-devel-linux-x86_64-debian-gcc | 0.1.0 | 2.19 | 210.91 | 213.10 | OK | |
r-devel-linux-x86_64-fedora-clang | 0.1.0 | 492.38 | OK | |||
r-devel-linux-x86_64-fedora-gcc | 0.1.0 | 491.29 | OK | |||
r-devel-windows-x86_64 | 0.1.0 | 6.00 | 272.00 | 278.00 | OK | |
r-patched-linux-x86_64 | 0.1.0 | 3.18 | 300.94 | 304.12 | OK | |
r-release-linux-x86_64 | 0.1.0 | 3.03 | 301.00 | 304.03 | OK | |
r-release-macos-arm64 | 0.1.0 | 144.00 | OK | |||
r-release-macos-x86_64 | 0.1.0 | 298.00 | OK | |||
r-release-windows-x86_64 | 0.1.0 | 6.00 | 273.00 | 279.00 | OK | |
r-oldrel-macos-arm64 | 0.1.0 | 137.00 | OK | |||
r-oldrel-macos-x86_64 | 0.1.0 | 311.00 | OK | |||
r-oldrel-windows-x86_64 | 0.1.0 | 7.00 | 367.00 | 374.00 | OK |
Version: 0.1.0
Check: examples
Result: NOTE
Examples with CPU (user + system) or elapsed time > 5s
user system elapsed
dpa 6.035 0.016 6.692
ggplot.effect 5.867 0.008 7.104
plot.effect 5.015 0.007 6.308
effect 4.983 0.008 5.073
sum.effect 4.769 0.001 5.668
add.ci 4.706 0.050 5.204
Flavor: r-devel-linux-x86_64-debian-clang