CRAN Package Check Results for Package dpcc

Last updated on 2025-04-30 04:50:04 CEST.

Flavor Version Tinstall Tcheck Ttotal Status Flags
r-devel-linux-x86_64-debian-clang 1.0.0 15.53 23.99 39.52 NOTE
r-devel-linux-x86_64-debian-gcc 1.0.0 11.22 19.01 30.23 NOTE
r-devel-linux-x86_64-fedora-clang 1.0.0 66.51 OK
r-devel-linux-x86_64-fedora-gcc 1.0.0 64.40 OK
r-devel-windows-x86_64 1.0.0 19.00 60.00 79.00 OK
r-patched-linux-x86_64 1.0.0 14.75 22.15 36.90 OK
r-release-linux-x86_64 1.0.0 16.12 22.13 38.25 OK
r-release-macos-arm64 1.0.0 32.00 OK
r-release-macos-x86_64 1.0.0 41.00 OK
r-release-windows-x86_64 1.0.0 18.00 59.00 77.00 OK
r-oldrel-macos-arm64 1.0.0 23.00 OK
r-oldrel-macos-x86_64 1.0.0 29.00 OK
r-oldrel-windows-x86_64 1.0.0 17.00 62.00 79.00 OK

Check Details

Version: 1.0.0
Check: CRAN incoming feasibility
Result: NOTE Maintainer: ‘Bingyuan Zhang <zhang@sigmath.es.osaka-u.ac.jp>’ No Authors@R field in DESCRIPTION. Please add one, modifying Authors@R: c(person(given = "Bingyuan", family = "Zhang", role = c("aut", "cre"), email = "zhang@sigmath.es.osaka-u.ac.jp"), person(given = "Jie", family = "Chen", role = "aut"), person(given = "Yoshikazu", family = "Terada", role = "aut")) as necessary. Flavors: r-devel-linux-x86_64-debian-clang, r-devel-linux-x86_64-debian-gcc