Last updated on 2025-04-30 04:50:04 CEST.
Flavor | Version | Tinstall | Tcheck | Ttotal | Status | Flags |
---|---|---|---|---|---|---|
r-devel-linux-x86_64-debian-clang | 0.1.1 | 14.68 | 39.60 | 54.28 | NOTE | |
r-devel-linux-x86_64-debian-gcc | 0.1.1 | 11.24 | 28.96 | 40.20 | OK | |
r-devel-linux-x86_64-fedora-clang | 0.1.1 | 84.49 | OK | |||
r-devel-linux-x86_64-fedora-gcc | 0.1.1 | 115.13 | OK | |||
r-devel-windows-x86_64 | 0.1.1 | 18.00 | 87.00 | 105.00 | OK | |
r-patched-linux-x86_64 | 0.1.1 | 14.54 | 36.45 | 50.99 | OK | |
r-release-linux-x86_64 | 0.1.1 | 15.60 | 36.52 | 52.12 | OK | |
r-release-macos-arm64 | 0.1.1 | 92.00 | OK | |||
r-release-macos-x86_64 | 0.1.1 | 95.00 | OK | |||
r-release-windows-x86_64 | 0.1.1 | 17.00 | 82.00 | 99.00 | OK | |
r-oldrel-macos-arm64 | 0.1.1 | 38.00 | OK | |||
r-oldrel-macos-x86_64 | 0.1.1 | 73.00 | OK | |||
r-oldrel-windows-x86_64 | 0.1.1 | 20.00 | 94.00 | 114.00 | OK |
Version: 0.1.1
Check: examples
Result: NOTE
Examples with CPU (user + system) or elapsed time > 5s
user system elapsed
movie 4.007 0.153 5.256
Flavor: r-devel-linux-x86_64-debian-clang