Last updated on 2025-04-30 04:50:04 CEST.
Flavor | Version | Tinstall | Tcheck | Ttotal | Status | Flags |
---|---|---|---|---|---|---|
r-devel-linux-x86_64-debian-clang | 2.0.0 | 10.25 | 122.25 | 132.50 | NOTE | |
r-devel-linux-x86_64-debian-gcc | 2.0.0 | 7.14 | 82.07 | 89.21 | NOTE | |
r-devel-linux-x86_64-fedora-clang | 2.0.0 | 193.15 | NOTE | |||
r-devel-linux-x86_64-fedora-gcc | 2.0.0 | 195.17 | NOTE | |||
r-devel-windows-x86_64 | 2.0.0 | 12.00 | 123.00 | 135.00 | NOTE | |
r-patched-linux-x86_64 | 2.0.0 | 11.05 | 112.36 | 123.41 | NOTE | |
r-release-linux-x86_64 | 2.0.0 | 10.19 | 111.91 | 122.10 | NOTE | |
r-release-macos-arm64 | 2.0.0 | 71.00 | NOTE | |||
r-release-macos-x86_64 | 2.0.0 | 116.00 | NOTE | |||
r-release-windows-x86_64 | 2.0.0 | 12.00 | 126.00 | 138.00 | NOTE | |
r-oldrel-macos-arm64 | 2.0.0 | 57.00 | NOTE | |||
r-oldrel-macos-x86_64 | 2.0.0 | 92.00 | NOTE | |||
r-oldrel-windows-x86_64 | 2.0.0 | 15.00 | 158.00 | 173.00 | NOTE |
Version: 2.0.0
Check: Rd files
Result: NOTE
checkRd: (-1) confint.dr4pl.Rd:49: Escaped LaTeX specials: \&
checkRd: (-1) gof-dr4pl.Rd:40: Escaped LaTeX specials: \&
checkRd: (-1) vcov.dr4pl.Rd:61: Escaped LaTeX specials: \&
Flavors: r-devel-linux-x86_64-debian-clang, r-devel-linux-x86_64-debian-gcc, r-devel-linux-x86_64-fedora-clang, r-devel-linux-x86_64-fedora-gcc, r-devel-windows-x86_64, r-patched-linux-x86_64, r-release-linux-x86_64, r-release-macos-arm64, r-release-macos-x86_64, r-release-windows-x86_64, r-oldrel-macos-arm64, r-oldrel-macos-x86_64, r-oldrel-windows-x86_64