CRAN Package Check Results for Package drcte

Last updated on 2025-04-30 04:50:04 CEST.

Flavor Version Tinstall Tcheck Ttotal Status Flags
r-devel-linux-x86_64-debian-clang 1.0.30 24.11 116.77 140.88 NOTE
r-devel-linux-x86_64-debian-gcc 1.0.30 14.69 77.31 92.00 NOTE
r-devel-linux-x86_64-fedora-clang 1.0.30 212.14 OK
r-devel-linux-x86_64-fedora-gcc 1.0.30 196.97 OK
r-devel-windows-x86_64 1.0.30 23.00 116.00 139.00 NOTE
r-patched-linux-x86_64 1.0.30 22.45 107.66 130.11 NOTE
r-release-linux-x86_64 1.0.30 22.06 109.67 131.73 NOTE
r-release-macos-arm64 1.0.30 49.00 OK
r-release-macos-x86_64 1.0.30 102.00 OK
r-release-windows-x86_64 1.0.30 22.00 115.00 137.00 NOTE
r-oldrel-macos-arm64 1.0.30 52.00 OK
r-oldrel-macos-x86_64 1.0.30 79.00 OK
r-oldrel-windows-x86_64 1.0.30 28.00 139.00 167.00 OK

Check Details

Version: 1.0.30
Check: Rd cross-references
Result: NOTE Found the following Rd file(s) with Rd \link{} targets missing package anchors: ED.drcte.Rd: drm drmte.Rd: LL.4, LL.5, W1.4, getMeanFunctions, drmc drmteControl.Rd: drm Please provide package anchors for all Rd \link{} targets not in the package itself and the base packages. Flavors: r-devel-linux-x86_64-debian-clang, r-devel-linux-x86_64-debian-gcc, r-devel-windows-x86_64, r-patched-linux-x86_64, r-release-linux-x86_64, r-release-windows-x86_64