Last updated on 2025-04-30 04:50:04 CEST.
Flavor | Version | Tinstall | Tcheck | Ttotal | Status | Flags |
---|---|---|---|---|---|---|
r-devel-linux-x86_64-debian-clang | 1.1 | 6.97 | 310.52 | 317.49 | NOTE | |
r-devel-linux-x86_64-debian-gcc | 1.1 | 5.29 | 212.53 | 217.82 | NOTE | |
r-devel-linux-x86_64-fedora-clang | 1.1 | 507.63 | OK | |||
r-devel-linux-x86_64-fedora-gcc | 1.1 | 511.23 | OK | |||
r-devel-windows-x86_64 | 1.1 | 7.00 | 364.00 | 371.00 | OK | |
r-patched-linux-x86_64 | 1.1 | 7.74 | 294.32 | 302.06 | OK | |
r-release-linux-x86_64 | 1.1 | 6.15 | 296.95 | 303.10 | OK | |
r-release-macos-arm64 | 1.1 | 179.00 | OK | |||
r-release-macos-x86_64 | 1.1 | 347.00 | OK | |||
r-release-windows-x86_64 | 1.1 | 8.00 | 365.00 | 373.00 | OK | |
r-oldrel-macos-arm64 | 1.1 | 170.00 | OK | |||
r-oldrel-macos-x86_64 | 1.1 | 467.00 | OK | |||
r-oldrel-windows-x86_64 | 1.1 | 10.00 | 454.00 | 464.00 | OK |
Version: 1.1
Check: examples
Result: NOTE
Examples with CPU (user + system) or elapsed time > 5s
user system elapsed
make.data 4.582 0.000 6.720
big.drglm 4.375 0.005 5.711
Flavor: r-devel-linux-x86_64-debian-clang
Version: 1.1
Check: examples
Result: NOTE
Examples with CPU (user + system) or elapsed time > 5s
user system elapsed
big.drglm 5.739 0.010 7.374
make.data 4.870 0.004 5.939
Flavor: r-devel-linux-x86_64-debian-gcc