Last updated on 2025-04-30 04:50:04 CEST.
Flavor | Version | Tinstall | Tcheck | Ttotal | Status | Flags |
---|---|---|---|---|---|---|
r-devel-linux-x86_64-debian-clang | 1.0.1 | 9.43 | 79.67 | 89.10 | NOTE | |
r-devel-linux-x86_64-debian-gcc | 1.0.1 | 5.65 | 53.19 | 58.84 | NOTE | |
r-devel-linux-x86_64-fedora-clang | 1.0.1 | 128.17 | NOTE | |||
r-devel-linux-x86_64-fedora-gcc | 1.0.1 | 118.21 | NOTE | |||
r-devel-windows-x86_64 | 1.0.1 | 11.00 | 144.00 | 155.00 | NOTE | |
r-patched-linux-x86_64 | 1.0.1 | 8.77 | 73.16 | 81.93 | NOTE | |
r-release-linux-x86_64 | 1.0.1 | 8.72 | 73.01 | 81.73 | NOTE | |
r-release-macos-arm64 | 1.0.1 | 64.00 | NOTE | |||
r-release-macos-x86_64 | 1.0.1 | 113.00 | NOTE | |||
r-release-windows-x86_64 | 1.0.1 | 11.00 | 142.00 | 153.00 | NOTE | |
r-oldrel-macos-arm64 | 1.0.1 | 59.00 | NOTE | |||
r-oldrel-macos-x86_64 | 1.0.1 | 91.00 | NOTE | |||
r-oldrel-windows-x86_64 | 1.0.1 | 14.00 | 178.00 | 192.00 | NOTE |
Version: 1.0.1
Check: package subdirectories
Result: NOTE
Problems with news in ‘NEWS.md’:
No news entries found.
Flavors: r-devel-linux-x86_64-debian-clang, r-devel-linux-x86_64-debian-gcc, r-devel-linux-x86_64-fedora-clang, r-devel-linux-x86_64-fedora-gcc, r-devel-windows-x86_64, r-patched-linux-x86_64, r-release-linux-x86_64, r-release-macos-arm64, r-release-macos-x86_64, r-release-windows-x86_64, r-oldrel-macos-arm64, r-oldrel-macos-x86_64, r-oldrel-windows-x86_64
Version: 1.0.1
Check: examples
Result: NOTE
Examples with CPU (user + system) or elapsed time > 5s
user system elapsed
lengthWord_probabilities 4.836 0.067 10.508
words_probabilities 2.468 0.012 6.899
failureRate 0.595 0.065 8.435
maintainability 0.511 0.009 7.787
reliability 0.495 0.009 8.550
stationary_distributions 0.415 0.001 5.250
availability 0.304 0.042 7.733
aic.dmm 0.171 0.014 6.422
getDistribution.dmm 0.156 0.004 7.238
bic.dmm 0.130 0.008 6.981
simulate.dmm 0.127 0.006 6.455
loglik.dmm 0.124 0.004 7.252
Flavor: r-devel-linux-x86_64-debian-clang
Version: 1.0.1
Check: examples
Result: NOTE
Examples with CPU (user + system) or elapsed time > 5s
user system elapsed
lengthWord_probabilities 2.894 0.129 6.564
failureRate 0.365 0.052 5.313
Flavor: r-devel-linux-x86_64-debian-gcc