Last updated on 2025-11-02 03:51:36 CET.
| Flavor | Version | Tinstall | Tcheck | Ttotal | Status | Flags |
|---|---|---|---|---|---|---|
| r-devel-linux-x86_64-debian-clang | 0.4.1 | 12.79 | 183.50 | 196.29 | OK | |
| r-devel-linux-x86_64-debian-gcc | 0.4.1 | 9.11 | 131.92 | 141.03 | OK | |
| r-devel-linux-x86_64-fedora-clang | 0.4.1 | 57.00 | 268.10 | 325.10 | OK | |
| r-devel-linux-x86_64-fedora-gcc | 0.4.1 | 103.00 | 235.63 | 338.63 | OK | |
| r-devel-windows-x86_64 | 0.4.1 | 16.00 | 157.00 | 173.00 | OK | |
| r-patched-linux-x86_64 | 0.4.1 | 0.32 | 1.92 | 2.24 | ERROR | |
| r-release-linux-x86_64 | 0.4.1 | 11.50 | 169.79 | 181.29 | OK | |
| r-release-macos-arm64 | 0.4.1 | 5.00 | ERROR | |||
| r-release-macos-x86_64 | 0.4.1 | 7.00 | ERROR | |||
| r-release-windows-x86_64 | 0.4.1 | 17.00 | 150.00 | 167.00 | OK | |
| r-oldrel-macos-arm64 | 0.4.1 | 10.00 | ERROR | |||
| r-oldrel-macos-x86_64 | 0.4.1 | 11.00 | ERROR | |||
| r-oldrel-windows-x86_64 | 0.4.1 | 20.00 | 211.00 | 231.00 | NOTE |
Version: 0.4.1
Check: package dependencies
Result: ERROR
Packages required but not available:
'GenomeInfoDb', 'GenomicFeatures',
'TxDb.Hsapiens.UCSC.hg19.knownGene',
'TxDb.Hsapiens.UCSC.hg38.knownGene'
See section ‘The DESCRIPTION file’ in the ‘Writing R Extensions’
manual.
Flavor: r-patched-linux-x86_64
Version: 0.4.1
Check: package dependencies
Result: ERROR
Packages required but not available:
'TxDb.Hsapiens.UCSC.hg19.knownGene',
'TxDb.Hsapiens.UCSC.hg38.knownGene', 'org.Hs.eg.db'
See section ‘The DESCRIPTION file’ in the ‘Writing R Extensions’
manual.
Flavor: r-release-macos-arm64
Version: 0.4.1
Check: package dependencies
Result: ERROR
Packages required but not available:
'TxDb.Hsapiens.UCSC.hg19.knownGene',
'TxDb.Hsapiens.UCSC.hg38.knownGene'
See section ‘The DESCRIPTION file’ in the ‘Writing R Extensions’
manual.
Flavors: r-release-macos-x86_64, r-oldrel-macos-arm64, r-oldrel-macos-x86_64
Version: 0.4.1
Check: installed package size
Result: NOTE
installed size is 5.3Mb
sub-directories of 1Mb or more:
data 1.6Mb
extdata 3.2Mb
Flavor: r-oldrel-windows-x86_64