Last updated on 2025-04-30 04:50:04 CEST.
Flavor | Version | Tinstall | Tcheck | Ttotal | Status | Flags |
---|---|---|---|---|---|---|
r-devel-linux-x86_64-debian-clang | 1.2 | 2.15 | 22.82 | 24.97 | NOTE | |
r-devel-linux-x86_64-debian-gcc | 1.2 | 1.62 | 17.89 | 19.51 | NOTE | |
r-devel-linux-x86_64-fedora-clang | 1.2 | 39.20 | OK | |||
r-devel-linux-x86_64-fedora-gcc | 1.2 | 37.31 | OK | |||
r-devel-windows-x86_64 | 1.2 | 3.00 | 50.00 | 53.00 | OK | |
r-patched-linux-x86_64 | 1.2 | 1.95 | 21.97 | 23.92 | OK | |
r-release-linux-x86_64 | 1.2 | 2.18 | 22.12 | 24.30 | OK | |
r-release-macos-arm64 | 1.2 | 18.00 | OK | |||
r-release-macos-x86_64 | 1.2 | 31.00 | OK | |||
r-release-windows-x86_64 | 1.2 | 3.00 | 46.00 | 49.00 | OK | |
r-oldrel-macos-arm64 | 1.2 | 17.00 | OK | |||
r-oldrel-macos-x86_64 | 1.2 | 23.00 | OK | |||
r-oldrel-windows-x86_64 | 1.2 | 4.00 | 47.00 | 51.00 | OK |
Version: 1.2
Check: CRAN incoming feasibility
Result: NOTE
Maintainer: ‘Zengchao Hao <z.hao4univ@gmail.com>’
No Authors@R field in DESCRIPTION.
Please add one, modifying
Authors@R: person(given = "Zengchao",
family = "Hao",
role = c("aut", "cre"),
email = "z.hao4univ@gmail.com")
as necessary.
Flavors: r-devel-linux-x86_64-debian-clang, r-devel-linux-x86_64-debian-gcc