Last updated on 2025-04-30 04:50:04 CEST.
Flavor | Version | Tinstall | Tcheck | Ttotal | Status | Flags |
---|---|---|---|---|---|---|
r-devel-linux-x86_64-debian-clang | 2.0.0 | 3.29 | 134.41 | 137.70 | NOTE | |
r-devel-linux-x86_64-debian-gcc | 2.0.0 | 2.50 | 92.52 | 95.02 | NOTE | |
r-devel-linux-x86_64-fedora-clang | 2.0.0 | 234.86 | OK | |||
r-devel-linux-x86_64-fedora-gcc | 2.0.0 | 221.76 | OK | |||
r-devel-windows-x86_64 | 2.0.0 | 5.00 | 162.00 | 167.00 | OK | |
r-patched-linux-x86_64 | 2.0.0 | 3.01 | 126.35 | 129.36 | OK | |
r-release-linux-x86_64 | 2.0.0 | 3.55 | 125.27 | 128.82 | OK | |
r-release-macos-arm64 | 2.0.0 | 71.00 | OK | |||
r-release-macos-x86_64 | 2.0.0 | 228.00 | OK | |||
r-release-windows-x86_64 | 2.0.0 | 5.00 | 162.00 | 167.00 | OK | |
r-oldrel-macos-arm64 | 2.0.0 | 92.00 | OK | |||
r-oldrel-macos-x86_64 | 2.0.0 | 222.00 | OK | |||
r-oldrel-windows-x86_64 | 2.0.0 | 7.00 | 189.00 | 196.00 | OK |
Version: 2.0.0
Check: examples
Result: NOTE
Examples with CPU (user + system) or elapsed time > 5s
user system elapsed
DSBNormalizeProtein 5.744 0.107 8.345
ModelNegativeADTnorm 3.923 0.007 5.617
Flavor: r-devel-linux-x86_64-debian-clang
Version: 2.0.0
Check: examples
Result: NOTE
Examples with CPU (user + system) or elapsed time > 5s
user system elapsed
DSBNormalizeProtein 3.659 0.012 5.638
Flavor: r-devel-linux-x86_64-debian-gcc