Last updated on 2025-04-30 04:50:04 CEST.
Flavor | Version | Tinstall | Tcheck | Ttotal | Status | Flags |
---|---|---|---|---|---|---|
r-devel-linux-x86_64-debian-clang | 1.9.0 | 24.26 | 81.93 | 106.19 | NOTE | |
r-devel-linux-x86_64-debian-gcc | 1.9.0 | 17.31 | 60.24 | 77.55 | NOTE | |
r-devel-linux-x86_64-fedora-clang | 1.9.0 | 170.22 | NOTE | |||
r-devel-linux-x86_64-fedora-gcc | 1.9.0 | 171.58 | NOTE | |||
r-devel-windows-x86_64 | 1.9.0 | 32.00 | 111.00 | 143.00 | NOTE | |
r-patched-linux-x86_64 | 1.9.0 | 24.17 | 76.01 | 100.18 | NOTE | |
r-release-linux-x86_64 | 1.9.0 | 23.16 | 75.83 | 98.99 | NOTE | |
r-release-macos-arm64 | 1.9.0 | 56.00 | NOTE | |||
r-release-macos-x86_64 | 1.9.0 | 95.00 | NOTE | |||
r-release-windows-x86_64 | 1.9.0 | 32.00 | 114.00 | 146.00 | NOTE | |
r-oldrel-macos-arm64 | 1.9.0 | 57.00 | OK | |||
r-oldrel-macos-x86_64 | 1.9.0 | 134.00 | OK | |||
r-oldrel-windows-x86_64 | 1.9.0 | 35.00 | 142.00 | 177.00 | OK |
Version: 1.9.0
Check: DESCRIPTION meta-information
Result: NOTE
Missing dependency on R >= 4.1.0 because package code uses the pipe
|> or function shorthand \(...) syntax added in R 4.1.0.
File(s) using such syntax:
‘dscore.R’ ‘get_age_equivalent.R’
Flavors: r-devel-linux-x86_64-debian-clang, r-devel-linux-x86_64-debian-gcc, r-devel-linux-x86_64-fedora-clang, r-devel-linux-x86_64-fedora-gcc, r-devel-windows-x86_64, r-patched-linux-x86_64, r-release-linux-x86_64, r-release-macos-arm64, r-release-macos-x86_64, r-release-windows-x86_64