CRAN Package Check Results for Package dsdp

Last updated on 2025-04-30 04:50:04 CEST.

Flavor Version Tinstall Tcheck Ttotal Status Flags
r-devel-linux-x86_64-debian-clang 0.1.1 20.87 212.15 233.02 NOTE
r-devel-linux-x86_64-debian-gcc 0.1.1 13.42 180.95 194.37 NOTE
r-devel-linux-x86_64-fedora-clang 0.1.1 344.65 NOTE
r-devel-linux-x86_64-fedora-gcc 0.1.1 401.57 NOTE
r-devel-windows-x86_64 0.1.1 37.00 300.00 337.00 NOTE
r-patched-linux-x86_64 0.1.1 16.20 239.07 255.27 NOTE
r-release-linux-x86_64 0.1.1 16.02 239.52 255.54 NOTE
r-release-macos-arm64 0.1.1 228.00 NOTE
r-release-macos-x86_64 0.1.1 331.00 NOTE
r-release-windows-x86_64 0.1.1 40.00 294.00 334.00 NOTE
r-oldrel-macos-arm64 0.1.1 202.00 OK
r-oldrel-macos-x86_64 0.1.1 276.00 OK
r-oldrel-windows-x86_64 0.1.1 41.00 352.00 393.00 OK

Check Details

Version: 0.1.1
Check: compiled code
Result: NOTE File ‘dsdp/libs/dsdp.so’: Found non-API call to R: ‘Rf_allocSExp’ Compiled code should not call non-API entry points in R. See ‘Writing portable packages’ in the ‘Writing R Extensions’ manual, and section ‘Moving into C API compliance’ for issues with the use of non-API entry points. Flavors: r-devel-linux-x86_64-debian-clang, r-devel-linux-x86_64-debian-gcc, r-devel-linux-x86_64-fedora-clang, r-devel-linux-x86_64-fedora-gcc, r-patched-linux-x86_64, r-release-linux-x86_64, r-release-macos-arm64, r-release-macos-x86_64

Version: 0.1.1
Check: compiled code
Result: NOTE File 'dsdp/libs/x64/dsdp.dll': Found non-API call to R: 'Rf_allocSExp' Compiled code should not call non-API entry points in R. See 'Writing portable packages' in the 'Writing R Extensions' manual, and section 'Moving into C API compliance' for issues with the use of non-API entry points. Flavors: r-devel-windows-x86_64, r-release-windows-x86_64