Last updated on 2025-04-30 04:50:04 CEST.
Flavor | Version | Tinstall | Tcheck | Ttotal | Status | Flags |
---|---|---|---|---|---|---|
r-devel-linux-x86_64-debian-clang | 1.6.0 | 213.15 | 270.54 | 483.69 | NOTE | |
r-devel-linux-x86_64-debian-gcc | 1.6.0 | 161.23 | 195.16 | 356.39 | OK | |
r-devel-linux-x86_64-fedora-clang | 1.6.0 | 1000.88 | OK | |||
r-devel-linux-x86_64-fedora-gcc | 1.6.0 | 832.33 | OK | |||
r-devel-windows-x86_64 | 1.6.0 | 201.00 | 294.00 | 495.00 | OK | |
r-patched-linux-x86_64 | 1.6.0 | 209.04 | 266.04 | 475.08 | OK | |
r-release-linux-x86_64 | 1.6.0 | 218.83 | 263.45 | 482.28 | OK | |
r-release-macos-arm64 | 1.6.0 | 195.00 | OK | |||
r-release-macos-x86_64 | 1.6.0 | 303.00 | OK | |||
r-release-windows-x86_64 | 1.6.0 | 183.00 | 288.00 | 471.00 | OK | |
r-oldrel-macos-arm64 | 1.6.0 | 170.00 | NOTE | |||
r-oldrel-macos-x86_64 | 1.6.0 | 284.00 | NOTE | |||
r-oldrel-windows-x86_64 | 1.6.0 | 226.00 | 383.00 | 609.00 | OK |
Version: 1.6.0
Check: examples
Result: NOTE
Examples with CPU (user + system) or elapsed time > 5s
user system elapsed
test_dsep 2.645 0.148 5.176
Flavor: r-devel-linux-x86_64-debian-clang
Version: 1.6.0
Check: installed package size
Result: NOTE
installed size is 85.2Mb
sub-directories of 1Mb or more:
libs 84.4Mb
Flavors: r-oldrel-macos-arm64, r-oldrel-macos-x86_64