Last updated on 2025-04-30 04:50:04 CEST.
Flavor | Version | Tinstall | Tcheck | Ttotal | Status | Flags |
---|---|---|---|---|---|---|
r-devel-linux-x86_64-debian-clang | 0.2.2 | 23.24 | 187.90 | 211.14 | NOTE | |
r-devel-linux-x86_64-debian-gcc | 0.2.2 | 18.60 | 130.33 | 148.93 | NOTE | |
r-devel-linux-x86_64-fedora-clang | 0.2.2 | 321.04 | NOTE | |||
r-devel-linux-x86_64-fedora-gcc | 0.2.2 | 233.06 | NOTE | |||
r-devel-windows-x86_64 | 0.2.2 | 25.00 | 180.00 | 205.00 | NOTE | |
r-patched-linux-x86_64 | 0.2.2 | 22.83 | 177.06 | 199.89 | NOTE | |
r-release-linux-x86_64 | 0.2.2 | 23.17 | 174.68 | 197.85 | NOTE | |
r-release-macos-arm64 | 0.2.2 | 88.00 | NOTE | |||
r-release-macos-x86_64 | 0.2.2 | 184.00 | NOTE | |||
r-release-windows-x86_64 | 0.2.2 | 26.00 | 173.00 | 199.00 | NOTE | |
r-oldrel-macos-arm64 | 0.2.2 | 74.00 | OK | |||
r-oldrel-macos-x86_64 | 0.2.2 | 117.00 | OK | |||
r-oldrel-windows-x86_64 | 0.2.2 | 33.00 | 225.00 | 258.00 | OK |
Version: 0.2.2
Check: DESCRIPTION meta-information
Result: NOTE
Missing dependency on R >= 4.1.0 because package code uses the pipe
|> or function shorthand \(...) syntax added in R 4.1.0.
File(s) using such syntax:
‘QeFairHelpers.R’
Flavors: r-devel-linux-x86_64-debian-clang, r-devel-linux-x86_64-debian-gcc, r-devel-linux-x86_64-fedora-clang, r-devel-linux-x86_64-fedora-gcc, r-devel-windows-x86_64, r-patched-linux-x86_64, r-release-linux-x86_64, r-release-macos-arm64, r-release-macos-x86_64, r-release-windows-x86_64