CRAN Package Check Results for Package dtp

Last updated on 2025-04-30 04:50:04 CEST.

Flavor Version Tinstall Tcheck Ttotal Status Flags
r-devel-linux-x86_64-debian-clang 0.1.0 2.84 31.15 33.99 NOTE
r-devel-linux-x86_64-debian-gcc 0.1.0 2.16 23.34 25.50 NOTE
r-devel-linux-x86_64-fedora-clang 0.1.0 53.53 NOTE
r-devel-linux-x86_64-fedora-gcc 0.1.0 50.64 NOTE
r-devel-windows-x86_64 0.1.0 4.00 55.00 59.00 NOTE
r-patched-linux-x86_64 0.1.0 2.75 29.36 32.11 NOTE
r-release-linux-x86_64 0.1.0 2.87 29.17 32.04 NOTE
r-release-macos-arm64 0.1.0 22.00 NOTE
r-release-macos-x86_64 0.1.0 33.00 NOTE
r-release-windows-x86_64 0.1.0 5.00 55.00 60.00 NOTE
r-oldrel-macos-arm64 0.1.0 20.00 NOTE
r-oldrel-macos-x86_64 0.1.0 28.00 NOTE
r-oldrel-windows-x86_64 0.1.0 5.00 60.00 65.00 NOTE

Check Details

Version: 0.1.0
Check: CRAN incoming feasibility
Result: NOTE Maintainer: ‘Taha Zaghdoudi <zedtaha@gmail.com>’ No Authors@R field in DESCRIPTION. Please add one, modifying Authors@R: person(given = "Taha", family = "Zaghdoudi", role = c("aut", "cre"), email = "zedtaha@gmail.com") as necessary. Flavors: r-devel-linux-x86_64-debian-clang, r-devel-linux-x86_64-debian-gcc

Version: 0.1.0
Check: Rd files
Result: NOTE checkRd: (-1) Mena.Rd:14: Lost braces in \itemize; meant \describe ? checkRd: (-1) Mena.Rd:15: Lost braces in \itemize; meant \describe ? checkRd: (-1) Mena.Rd:16: Lost braces in \itemize; meant \describe ? checkRd: (-1) Mena.Rd:17: Lost braces in \itemize; meant \describe ? checkRd: (-1) Mena.Rd:18: Lost braces in \itemize; meant \describe ? checkRd: (-1) Mena.Rd:19: Lost braces in \itemize; meant \describe ? Flavors: r-devel-linux-x86_64-debian-clang, r-devel-linux-x86_64-debian-gcc, r-devel-linux-x86_64-fedora-clang, r-devel-linux-x86_64-fedora-gcc, r-devel-windows-x86_64, r-patched-linux-x86_64, r-release-linux-x86_64, r-release-macos-arm64, r-release-macos-x86_64, r-release-windows-x86_64, r-oldrel-macos-arm64, r-oldrel-macos-x86_64, r-oldrel-windows-x86_64

Version: 0.1.0
Check: examples
Result: NOTE Examples with CPU (user + system) or elapsed time > 5s user system elapsed dtp 4.06 0.054 5.028 Flavor: r-devel-linux-x86_64-debian-clang