Last updated on 2025-04-30 04:50:04 CEST.
Flavor | Version | Tinstall | Tcheck | Ttotal | Status | Flags |
---|---|---|---|---|---|---|
r-devel-linux-x86_64-debian-clang | 1.23-1 | 3.76 | 43.04 | 46.80 | NOTE | |
r-devel-linux-x86_64-debian-gcc | 1.23-1 | 2.74 | 33.01 | 35.75 | NOTE | |
r-devel-linux-x86_64-fedora-clang | 1.23-1 | 73.77 | OK | |||
r-devel-linux-x86_64-fedora-gcc | 1.23-1 | 83.49 | OK | |||
r-devel-windows-x86_64 | 1.23-1 | 8.00 | 92.00 | 100.00 | OK | |
r-patched-linux-x86_64 | 1.23-1 | 3.90 | 41.40 | 45.30 | OK | |
r-release-linux-x86_64 | 1.23-1 | 3.57 | 41.44 | 45.01 | OK | |
r-release-macos-arm64 | 1.23-1 | 40.00 | OK | |||
r-release-macos-x86_64 | 1.23-1 | 71.00 | OK | |||
r-release-windows-x86_64 | 1.23-1 | 8.00 | 90.00 | 98.00 | OK | |
r-oldrel-macos-arm64 | 1.23-1 | 44.00 | OK | |||
r-oldrel-macos-x86_64 | 1.23-1 | 51.00 | OK | |||
r-oldrel-windows-x86_64 | 1.23-1 | 8.00 | 87.00 | 95.00 | OK |
Version: 1.23-1
Check: CRAN incoming feasibility
Result: NOTE
Maintainer: ‘Toni Giorgino <toni.giorgino@gmail.com>’
Package CITATION file contains call(s) to old-style personList() or
as.personList(). Please use c() on person objects instead.
Flavors: r-devel-linux-x86_64-debian-clang, r-devel-linux-x86_64-debian-gcc