CRAN Package Check Results for Package dumbbell

Last updated on 2025-02-21 03:52:11 CET.

Flavor Version Tinstall Tcheck Ttotal Status Flags
r-devel-linux-x86_64-debian-clang 0.1 6.20 62.76 68.96 OK
r-devel-linux-x86_64-debian-gcc 0.1 4.23 47.30 51.53 OK
r-devel-linux-x86_64-fedora-clang 0.1 108.45 OK
r-devel-linux-x86_64-fedora-gcc 0.1 111.05 OK
r-devel-macos-arm64 0.1 40.00 OK
r-devel-macos-x86_64 0.1 66.00 OK
r-devel-windows-x86_64 0.1 8.00 72.00 80.00 OK
r-patched-linux-x86_64 0.1 5.36 58.80 64.16 NOTE
r-release-linux-x86_64 0.1 5.45 58.06 63.51 NOTE
r-release-macos-arm64 0.1 37.00 NOTE
r-release-macos-x86_64 0.1 54.00 NOTE
r-release-windows-x86_64 0.1 9.00 76.00 85.00 NOTE
r-oldrel-macos-arm64 0.1 38.00 NOTE
r-oldrel-macos-x86_64 0.1 56.00 NOTE
r-oldrel-windows-x86_64 0.1 10.00 83.00 93.00 NOTE

Check Details

Version: 0.1
Check: LazyData
Result: NOTE 'LazyData' is specified without a 'data' directory Flavors: r-patched-linux-x86_64, r-release-linux-x86_64, r-release-macos-arm64, r-release-macos-x86_64, r-release-windows-x86_64, r-oldrel-macos-arm64, r-oldrel-macos-x86_64, r-oldrel-windows-x86_64