CRAN Package Check Results for Package dwctaxon

Last updated on 2025-04-30 04:50:04 CEST.

Flavor Version Tinstall Tcheck Ttotal Status Flags
r-devel-linux-x86_64-debian-clang 2.0.3 3.54 62.63 66.17 NOTE
r-devel-linux-x86_64-debian-gcc 2.0.3 3.09 46.22 49.31 NOTE
r-devel-linux-x86_64-fedora-clang 2.0.3 102.70 NOTE
r-devel-linux-x86_64-fedora-gcc 2.0.3 111.69 NOTE
r-devel-windows-x86_64 2.0.3 6.00 89.00 95.00 NOTE
r-patched-linux-x86_64 2.0.3 3.58 58.52 62.10 NOTE
r-release-linux-x86_64 2.0.3 3.69 57.54 61.23 NOTE
r-release-macos-arm64 2.0.3 72.00 NOTE
r-release-macos-x86_64 2.0.3 86.00 NOTE
r-release-windows-x86_64 2.0.3 6.00 93.00 99.00 NOTE
r-oldrel-macos-arm64 2.0.3 51.00 OK
r-oldrel-macos-x86_64 2.0.3 73.00 OK
r-oldrel-windows-x86_64 2.0.3 8.00 98.00 106.00 OK

Check Details

Version: 2.0.3
Check: DESCRIPTION meta-information
Result: NOTE Missing dependency on R >= 4.2.0 because package code uses the pipe placeholder syntax added in R 4.2.0. File(s) using such syntax: ‘utils.R’ Flavors: r-devel-linux-x86_64-debian-clang, r-devel-linux-x86_64-debian-gcc, r-devel-linux-x86_64-fedora-clang, r-devel-linux-x86_64-fedora-gcc, r-devel-windows-x86_64, r-patched-linux-x86_64, r-release-linux-x86_64, r-release-macos-arm64, r-release-macos-x86_64, r-release-windows-x86_64