Last updated on 2025-04-30 04:50:04 CEST.
Flavor | Version | Tinstall | Tcheck | Ttotal | Status | Flags |
---|---|---|---|---|---|---|
r-devel-linux-x86_64-debian-clang | 0.2.10 | 3.51 | 27.97 | 31.48 | NOTE | |
r-devel-linux-x86_64-debian-gcc | 0.2.10 | 2.82 | 21.37 | 24.19 | NOTE | |
r-devel-linux-x86_64-fedora-clang | 0.2.10 | 46.14 | OK | |||
r-devel-linux-x86_64-fedora-gcc | 0.2.10 | 43.53 | OK | |||
r-devel-windows-x86_64 | 0.2.10 | 7.00 | 49.00 | 56.00 | OK | |
r-patched-linux-x86_64 | 0.2.10 | 3.17 | 26.19 | 29.36 | OK | |
r-release-linux-x86_64 | 0.2.10 | 2.91 | 26.07 | 28.98 | OK | |
r-release-macos-arm64 | 0.2.10 | 23.00 | OK | |||
r-release-macos-x86_64 | 0.2.10 | 35.00 | OK | |||
r-release-windows-x86_64 | 0.2.10 | 7.00 | 52.00 | 59.00 | OK | |
r-oldrel-macos-arm64 | 0.2.10 | 19.00 | OK | |||
r-oldrel-macos-x86_64 | 0.2.10 | 28.00 | OK | |||
r-oldrel-windows-x86_64 | 0.2.10 | 6.00 | 53.00 | 59.00 | OK |
Version: 0.2.10
Check: examples
Result: NOTE
Examples with CPU (user + system) or elapsed time > 5s
user system elapsed
readRadarFile 7.116 0.152 8.138
Flavor: r-devel-linux-x86_64-debian-clang
Version: 0.2.10
Check: examples
Result: NOTE
Examples with CPU (user + system) or elapsed time > 5s
user system elapsed
readRadarFile 4.445 0.1 5.555
Flavor: r-devel-linux-x86_64-debian-gcc