Last updated on 2025-04-30 04:50:04 CEST.
Flavor | Version | Tinstall | Tcheck | Ttotal | Status | Flags |
---|---|---|---|---|---|---|
r-devel-linux-x86_64-debian-clang | 1.2.1 | 8.60 | 62.14 | 70.74 | NOTE | |
r-devel-linux-x86_64-debian-gcc | 1.2.1 | 4.62 | 41.19 | 45.81 | NOTE | |
r-devel-linux-x86_64-fedora-clang | 1.2.1 | 112.23 | OK | |||
r-devel-linux-x86_64-fedora-gcc | 1.2.1 | 105.39 | OK | |||
r-devel-windows-x86_64 | 1.2.1 | 9.00 | 74.00 | 83.00 | OK | |
r-patched-linux-x86_64 | 1.2.1 | 7.38 | 60.34 | 67.72 | OK | |
r-release-linux-x86_64 | 1.2.1 | 8.02 | 60.57 | 68.59 | OK | |
r-release-macos-arm64 | 1.2.1 | 34.00 | OK | |||
r-release-macos-x86_64 | 1.2.1 | 62.00 | OK | |||
r-release-windows-x86_64 | 1.2.1 | 10.00 | 74.00 | 84.00 | OK | |
r-oldrel-macos-arm64 | 1.2.1 | 30.00 | OK | |||
r-oldrel-macos-x86_64 | 1.2.1 | 46.00 | OK | |||
r-oldrel-windows-x86_64 | 1.2.1 | 10.00 | 96.00 | 106.00 | OK |
Version: 1.2.1
Check: CRAN incoming feasibility
Result: NOTE
Maintainer: ‘Bonne J.H. Zijlstra <B.J.H.Zijlstra@uva.nl>’
No Authors@R field in DESCRIPTION.
Please add one, modifying
Authors@R: person(given = c("Bonne", "J.H."),
family = "Zijlstra",
role = c("aut", "cre"),
email = "B.J.H.Zijlstra@uva.nl")
as necessary.
Flavors: r-devel-linux-x86_64-debian-clang, r-devel-linux-x86_64-debian-gcc
Version: 1.2.1
Check: examples
Result: NOTE
Examples with CPU (user + system) or elapsed time > 5s
user system elapsed
p2ML 5.938 0.008 9.687
b2ML 4.169 0.066 6.612
dyads-package 3.934 0.004 5.448
j2 3.879 0.012 6.125
p2 3.856 0.000 5.731
Flavor: r-devel-linux-x86_64-debian-clang