Last updated on 2025-04-30 04:50:04 CEST.
Flavor | Version | Tinstall | Tcheck | Ttotal | Status | Flags |
---|---|---|---|---|---|---|
r-devel-linux-x86_64-debian-clang | 0.2.5 | 22.29 | 224.45 | 246.74 | NOTE | |
r-devel-linux-x86_64-debian-gcc | 0.2.5 | 16.02 | 140.35 | 156.37 | OK | |
r-devel-linux-x86_64-fedora-clang | 0.2.5 | 391.59 | OK | |||
r-devel-linux-x86_64-fedora-gcc | 0.2.5 | 393.55 | OK | |||
r-devel-windows-x86_64 | 0.2.5 | 21.00 | 183.00 | 204.00 | OK | |
r-patched-linux-x86_64 | 0.2.5 | 21.06 | 212.38 | 233.44 | OK | |
r-release-linux-x86_64 | 0.2.5 | 22.09 | 211.68 | 233.77 | OK | |
r-release-macos-arm64 | 0.2.5 | 88.00 | OK | |||
r-release-macos-x86_64 | 0.2.5 | 203.00 | OK | |||
r-release-windows-x86_64 | 0.2.5 | 18.00 | 182.00 | 200.00 | OK | |
r-oldrel-macos-arm64 | 0.2.5 | 84.00 | OK | |||
r-oldrel-macos-x86_64 | 0.2.5 | 151.00 | OK | |||
r-oldrel-windows-x86_64 | 0.2.5 | 29.00 | 249.00 | 278.00 | OK |
Version: 0.2.5
Check: examples
Result: NOTE
Examples with CPU (user + system) or elapsed time > 5s
user system elapsed
dynatopGIS 4.757 0.213 6.102
Flavor: r-devel-linux-x86_64-debian-clang