Last updated on 2025-02-21 03:52:11 CET.
Flavor | Version | Tinstall | Tcheck | Ttotal | Status | Flags |
---|---|---|---|---|---|---|
r-devel-linux-x86_64-debian-clang | 1.0.4 | 8.78 | 95.14 | 103.92 | OK | |
r-devel-linux-x86_64-debian-gcc | 1.0.4 | 6.11 | 72.64 | 78.75 | OK | |
r-devel-linux-x86_64-fedora-clang | 1.0.4 | 167.66 | OK | |||
r-devel-linux-x86_64-fedora-gcc | 1.0.4 | 161.34 | OK | |||
r-devel-macos-arm64 | 1.0.4 | 53.00 | OK | |||
r-devel-macos-x86_64 | 1.0.4 | 104.00 | OK | |||
r-devel-windows-x86_64 | 1.0.4 | 9.00 | 110.00 | 119.00 | OK | |
r-patched-linux-x86_64 | 1.0.4 | 8.54 | 90.86 | 99.40 | NOTE | |
r-release-linux-x86_64 | 1.0.4 | 8.61 | 90.62 | 99.23 | NOTE | |
r-release-macos-arm64 | 1.0.4 | 53.00 | NOTE | |||
r-release-macos-x86_64 | 1.0.4 | 81.00 | NOTE | |||
r-release-windows-x86_64 | 1.0.4 | 10.00 | 106.00 | 116.00 | NOTE | |
r-oldrel-macos-arm64 | 1.0.4 | 57.00 | NOTE | |||
r-oldrel-macos-x86_64 | 1.0.4 | 93.00 | NOTE | |||
r-oldrel-windows-x86_64 | 1.0.4 | 11.00 | 133.00 | 144.00 | NOTE |
Version: 1.0.4
Check: package dependencies
Result: NOTE
Package suggested but not available for checking: ‘lle’
Flavors: r-patched-linux-x86_64, r-release-linux-x86_64, r-release-macos-arm64, r-release-macos-x86_64, r-release-windows-x86_64, r-oldrel-macos-arm64, r-oldrel-macos-x86_64, r-oldrel-windows-x86_64
Version: 1.0.4
Check: LazyData
Result: NOTE
'LazyData' is specified without a 'data' directory
Flavors: r-patched-linux-x86_64, r-release-linux-x86_64, r-release-macos-arm64, r-release-macos-x86_64, r-release-windows-x86_64, r-oldrel-macos-arm64, r-oldrel-macos-x86_64, r-oldrel-windows-x86_64