CRAN Package Check Results for Package dynetNLAResistance

Last updated on 2025-04-30 04:50:04 CEST.

Flavor Version Tinstall Tcheck Ttotal Status Flags
r-devel-linux-x86_64-debian-clang 0.1.0 3.19 30.51 33.70 NOTE
r-devel-linux-x86_64-debian-gcc 0.1.0 2.61 23.91 26.52 NOTE
r-devel-linux-x86_64-fedora-clang 0.1.0 51.56 NOTE
r-devel-linux-x86_64-fedora-gcc 0.1.0 49.11 NOTE
r-devel-windows-x86_64 0.1.0 5.00 52.00 57.00 OK
r-patched-linux-x86_64 0.1.0 3.26 28.19 31.45 OK
r-release-linux-x86_64 0.1.0 3.61 28.31 31.92 OK
r-release-macos-arm64 0.1.0 20.00 OK
r-release-macos-x86_64 0.1.0 33.00 OK
r-release-windows-x86_64 0.1.0 6.00 51.00 57.00 OK
r-oldrel-macos-arm64 0.1.0 22.00 OK
r-oldrel-macos-x86_64 0.1.0 29.00 OK
r-oldrel-windows-x86_64 0.1.0 7.00 56.00 63.00 OK

Check Details

Version: 0.1.0
Check: CRAN incoming feasibility
Result: NOTE Maintainer: ‘Jiaqi Tang <1107967177@qq.com>’ No Authors@R field in DESCRIPTION. Please add one, modifying Authors@R: person(given = "Jiaqi", family = "Tang", role = c("aut", "cre"), email = "1107967177@qq.com") as necessary. Flavors: r-devel-linux-x86_64-debian-clang, r-devel-linux-x86_64-debian-gcc

Version: 0.1.0
Check: dependencies in R code
Result: NOTE Namespace in Imports field not imported from: ‘graphics’ All declared Imports should be used. Flavors: r-devel-linux-x86_64-fedora-clang, r-devel-linux-x86_64-fedora-gcc