Last updated on 2025-04-30 04:50:04 CEST.
Flavor | Version | Tinstall | Tcheck | Ttotal | Status | Flags |
---|---|---|---|---|---|---|
r-devel-linux-x86_64-debian-clang | 1.1 | 1.48 | 28.74 | 30.22 | NOTE | |
r-devel-linux-x86_64-debian-gcc | 1.1 | 1.37 | 23.24 | 24.61 | NOTE | |
r-devel-linux-x86_64-fedora-clang | 1.1 | 48.50 | OK | |||
r-devel-linux-x86_64-fedora-gcc | 1.1 | 60.98 | OK | |||
r-devel-windows-x86_64 | 1.1 | 3.00 | 75.00 | 78.00 | OK | |
r-patched-linux-x86_64 | 1.1 | 1.84 | 28.04 | 29.88 | OK | |
r-release-linux-x86_64 | 1.1 | 1.71 | 27.69 | 29.40 | OK | |
r-release-macos-arm64 | 1.1 | 27.00 | OK | |||
r-release-macos-x86_64 | 1.1 | 48.00 | OK | |||
r-release-windows-x86_64 | 1.1 | 3.00 | 73.00 | 76.00 | OK | |
r-oldrel-macos-arm64 | 1.1 | 24.00 | OK | |||
r-oldrel-macos-x86_64 | 1.1 | 69.00 | OK | |||
r-oldrel-windows-x86_64 | 1.1 | 3.00 | 70.00 | 73.00 | OK |
Version: 1.1
Check: CRAN incoming feasibility
Result: NOTE
Maintainer: ‘Oscar Garcia <garcia@dasometrics.net>’
Package CITATION file contains call(s) to old-style personList() or
as.personList(). Please use c() on person objects instead.
Package CITATION file contains call(s) to old-style citEntry(). Please
use bibentry() instead.
Flavors: r-devel-linux-x86_64-debian-clang, r-devel-linux-x86_64-debian-gcc