Last updated on 2025-04-30 04:50:04 CEST.
Flavor | Version | Tinstall | Tcheck | Ttotal | Status | Flags |
---|---|---|---|---|---|---|
r-devel-linux-x86_64-debian-clang | 1.7-16 | 10.27 | 62.66 | 72.93 | NOTE | |
r-devel-linux-x86_64-debian-gcc | 1.7-16 | 7.66 | 44.66 | 52.32 | OK | |
r-devel-linux-x86_64-fedora-clang | 1.7-16 | 112.90 | OK | |||
r-devel-linux-x86_64-fedora-gcc | 1.7-16 | 121.99 | OK | |||
r-devel-windows-x86_64 | 1.7-16 | 17.00 | 116.00 | 133.00 | OK | |
r-patched-linux-x86_64 | 1.7-16 | 11.48 | 58.52 | 70.00 | OK | |
r-release-linux-x86_64 | 1.7-16 | 9.22 | 58.23 | 67.45 | OK | |
r-release-macos-arm64 | 1.7-16 | 56.00 | OK | |||
r-release-macos-x86_64 | 1.7-16 | 123.00 | OK | |||
r-release-windows-x86_64 | 1.7-16 | 17.00 | 113.00 | 130.00 | OK | |
r-oldrel-macos-arm64 | 1.7-16 | 46.00 | OK | |||
r-oldrel-macos-x86_64 | 1.7-16 | 133.00 | OK | |||
r-oldrel-windows-x86_64 | 1.7-16 | 18.00 | 121.00 | 139.00 | OK |
Version: 1.7-16
Check: examples
Result: NOTE
Examples with CPU (user + system) or elapsed time > 5s
user system elapsed
cshell 4.101 0.063 6.371
Flavor: r-devel-linux-x86_64-debian-clang