CRAN Package Check Results for Package eBsc

Last updated on 2025-04-30 04:50:04 CEST.

Flavor Version Tinstall Tcheck Ttotal Status Flags
r-devel-linux-x86_64-debian-clang 4.17 38.92 75.35 114.27 NOTE
r-devel-linux-x86_64-debian-gcc 4.17 25.95 56.56 82.51 NOTE
r-devel-linux-x86_64-fedora-clang 4.17 193.75 OK
r-devel-linux-x86_64-fedora-gcc 4.17 185.19 OK
r-devel-windows-x86_64 4.17 44.00 106.00 150.00 OK
r-patched-linux-x86_64 4.17 38.27 76.42 114.69 OK
r-release-linux-x86_64 4.17 37.13 74.99 112.12 OK
r-release-macos-arm64 4.17 54.00 OK
r-release-macos-x86_64 4.17 136.00 OK
r-release-windows-x86_64 4.17 43.00 104.00 147.00 OK
r-oldrel-macos-arm64 4.17 50.00 OK
r-oldrel-macos-x86_64 4.17 71.00 OK
r-oldrel-windows-x86_64 4.17 50.00 133.00 183.00 OK

Additional issues

Intel

Check Details

Version: 4.17
Check: CRAN incoming feasibility
Result: NOTE Maintainer: ‘Francisco Rosales <francisco.rosales-marticorena@protonmail.com>’ No Authors@R field in DESCRIPTION. Please add one, modifying Authors@R: c(person(given = "Francisco", family = "Rosales", role = c("aut", "cre"), email = "francisco.rosales-marticorena@protonmail.com"), person(given = "Tatyana", family = "Krivobokova", role = "aut"), person(given = "Paulo", family = "Serra.", role = "aut")) as necessary. The Description field contains and "Klockmann" (2021) <arXiv:1812.06948> for details. Please refer to arXiv e-prints via their arXiv DOI <doi:10.48550/arXiv.YYMM.NNNNN>. Flavors: r-devel-linux-x86_64-debian-clang, r-devel-linux-x86_64-debian-gcc