Last updated on 2025-04-30 04:50:04 CEST.
Flavor | Version | Tinstall | Tcheck | Ttotal | Status | Flags |
---|---|---|---|---|---|---|
r-devel-linux-x86_64-debian-clang | 0.1.2 | 4.60 | 25.77 | 30.37 | NOTE | |
r-devel-linux-x86_64-debian-gcc | 0.1.2 | 3.47 | 19.70 | 23.17 | NOTE | |
r-devel-linux-x86_64-fedora-clang | 0.1.2 | 49.31 | OK | |||
r-devel-linux-x86_64-fedora-gcc | 0.1.2 | 49.63 | OK | |||
r-devel-windows-x86_64 | 0.1.2 | 9.00 | 61.00 | 70.00 | OK | |
r-patched-linux-x86_64 | 0.1.2 | 4.97 | 24.83 | 29.80 | OK | |
r-release-linux-x86_64 | 0.1.2 | 4.56 | 24.47 | 29.03 | OK | |
r-release-macos-arm64 | 0.1.2 | 23.00 | OK | |||
r-release-macos-x86_64 | 0.1.2 | 58.00 | OK | |||
r-release-windows-x86_64 | 0.1.2 | 9.00 | 59.00 | 68.00 | OK | |
r-oldrel-macos-arm64 | 0.1.2 | 19.00 | NOTE | |||
r-oldrel-macos-x86_64 | 0.1.2 | 28.00 | NOTE | |||
r-oldrel-windows-x86_64 | 0.1.2 | 10.00 | 52.00 | 62.00 | OK |
Version: 0.1.2
Check: CRAN incoming feasibility
Result: NOTE
Maintainer: ‘Garritt L. Page <page@stat.byu.edu>’
The Description field contains
S; (2020) <arXiv:2012.11767>. Both the parametric and semi-parametric
Please refer to arXiv e-prints via their arXiv DOI <doi:10.48550/arXiv.YYMM.NNNNN>.
Flavors: r-devel-linux-x86_64-debian-clang, r-devel-linux-x86_64-debian-gcc
Version: 0.1.2
Check: package dependencies
Result: NOTE
Package suggested but not available for checking: ‘INLA’
Flavors: r-oldrel-macos-arm64, r-oldrel-macos-x86_64