Last updated on 2025-04-30 04:50:04 CEST.
Flavor | Version | Tinstall | Tcheck | Ttotal | Status | Flags |
---|---|---|---|---|---|---|
r-devel-linux-x86_64-debian-clang | 0.0.2 | 2.77 | 60.05 | 62.82 | NOTE | |
r-devel-linux-x86_64-debian-gcc | 0.0.2 | 1.94 | 42.78 | 44.72 | NOTE | |
r-devel-linux-x86_64-fedora-clang | 0.0.2 | 102.15 | OK | |||
r-devel-linux-x86_64-fedora-gcc | 0.0.2 | 108.73 | OK | |||
r-devel-windows-x86_64 | 0.0.2 | 4.00 | 89.00 | 93.00 | OK | |
r-patched-linux-x86_64 | 0.0.2 | 2.57 | 56.39 | 58.96 | OK | |
r-release-linux-x86_64 | 0.0.2 | 2.32 | 56.05 | 58.37 | OK | |
r-release-macos-arm64 | 0.0.2 | 45.00 | OK | |||
r-release-macos-x86_64 | 0.0.2 | 72.00 | OK | |||
r-release-windows-x86_64 | 0.0.2 | 4.00 | 86.00 | 90.00 | OK | |
r-oldrel-macos-arm64 | 0.0.2 | 42.00 | OK | |||
r-oldrel-macos-x86_64 | 0.0.2 | 55.00 | OK | |||
r-oldrel-windows-x86_64 | 0.0.2 | 6.00 | 103.00 | 109.00 | OK |
Version: 0.0.2
Check: examples
Result: NOTE
Examples with CPU (user + system) or elapsed time > 5s
user system elapsed
mrep_assessment 7.634 0.009 11.709
mIDR 4.906 0.007 6.542
Flavor: r-devel-linux-x86_64-debian-clang
Version: 0.0.2
Check: examples
Result: NOTE
Examples with CPU (user + system) or elapsed time > 5s
user system elapsed
mrep_assessment 4.775 0.008 6.513
Flavor: r-devel-linux-x86_64-debian-gcc