Last updated on 2025-04-30 04:50:04 CEST.
Flavor | Version | Tinstall | Tcheck | Ttotal | Status | Flags |
---|---|---|---|---|---|---|
r-devel-linux-x86_64-debian-clang | 1.0.0 | 62.95 | 498.02 | 560.97 | NOTE | |
r-devel-linux-x86_64-debian-gcc | 1.0.0 | 44.62 | 326.29 | 370.91 | NOTE | |
r-devel-linux-x86_64-fedora-clang | 1.0.0 | 936.32 | OK | |||
r-devel-linux-x86_64-fedora-gcc | 1.0.0 | 905.31 | OK | |||
r-devel-windows-x86_64 | 1.0.0 | 60.00 | 392.00 | 452.00 | NOTE | |
r-patched-linux-x86_64 | 1.0.0 | 51.63 | 472.83 | 524.46 | NOTE | |
r-release-linux-x86_64 | 1.0.0 | 57.51 | 473.06 | 530.57 | NOTE | |
r-release-macos-arm64 | 1.0.0 | 205.00 | OK | |||
r-release-macos-x86_64 | 1.0.0 | 406.00 | OK | |||
r-release-windows-x86_64 | 1.0.0 | 64.00 | 372.00 | 436.00 | NOTE | |
r-oldrel-macos-arm64 | 1.0.0 | 128.00 | OK | |||
r-oldrel-macos-x86_64 | 1.0.0 | 282.00 | OK | |||
r-oldrel-windows-x86_64 | 1.0.0 | 77.00 | 530.00 | 607.00 | OK |
Version: 1.0.0
Check: Rd cross-references
Result: NOTE
Found the following Rd file(s) with Rd \link{} targets missing package
anchors:
eval_posterior_eDITH.Rd: aggregate_river
posterior_pred_sim_eDITH.Rd: aggregate_river, DHARMa
run_eDITH_BT.Rd: aggregate_river, river_to_AEM, runMCMC,
createBayesianSetup, dtrunc, MAP, getCredibleIntervals,
gelmanDiagnostics
run_eDITH_BT_joint.Rd: aggregate_river, river_to_AEM, runMCMC,
createBayesianSetup, dtrunc, MAP, getCredibleIntervals,
gelmanDiagnostics
run_eDITH_optim.Rd: aggregate_river, river_to_AEM
run_eDITH_optim_joint.Rd: aggregate_river, river_to_AEM
run_eDITH_single.Rd: aggregate_river
sampling_strategy_direct.Rd: aggregate_river
sampling_strategy_eDNA.Rd: paths_river
wigger.Rd: extract_river
Please provide package anchors for all Rd \link{} targets not in the
package itself and the base packages.
Flavors: r-devel-linux-x86_64-debian-clang, r-devel-linux-x86_64-debian-gcc, r-devel-windows-x86_64, r-patched-linux-x86_64, r-release-linux-x86_64, r-release-windows-x86_64
Version: 1.0.0
Check: examples
Result: NOTE
Examples with CPU (user + system) or elapsed time > 5s
user system elapsed
run_eDITH_BT_joint 6.110 0.154 8.850
run_eDITH_BT 5.900 0.146 6.792
eval_posterior_eDITH 5.201 0.148 6.827
Flavor: r-devel-linux-x86_64-debian-clang
Version: 1.0.0
Check: examples
Result: NOTE
Examples with CPU (user + system) or elapsed time > 5s
user system elapsed
eval_posterior_eDITH 3.646 0.265 5.073
Flavor: r-devel-linux-x86_64-debian-gcc