CRAN Package Check Results for Package eFRED

Last updated on 2025-04-30 04:50:04 CEST.

Flavor Version Tinstall Tcheck Ttotal Status Flags
r-devel-linux-x86_64-debian-clang 0.1.0 2.74 27.66 30.40 NOTE
r-devel-linux-x86_64-debian-gcc 0.1.0 1.71 22.16 23.87 NOTE
r-devel-linux-x86_64-fedora-clang 0.1.0 47.83 OK
r-devel-linux-x86_64-fedora-gcc 0.1.0 59.48 OK
r-devel-windows-x86_64 0.1.0 4.00 56.00 60.00 OK
r-patched-linux-x86_64 0.1.0 2.99 26.95 29.94 OK
r-release-linux-x86_64 0.1.0 2.29 26.35 28.64 OK
r-release-macos-arm64 0.1.0 40.00 OK
r-release-macos-x86_64 0.1.0 68.00 OK
r-release-windows-x86_64 0.1.0 5.00 57.00 62.00 OK
r-oldrel-macos-arm64 0.1.0 33.00 OK
r-oldrel-macos-x86_64 0.1.0 46.00 OK
r-oldrel-windows-x86_64 0.1.0 4.00 61.00 65.00 OK

Check Details

Version: 0.1.0
Check: CRAN incoming feasibility
Result: NOTE Maintainer: ‘Chris Mann <cmann3@unl.edu>’ No Authors@R field in DESCRIPTION. Please add one, modifying Authors@R: person(given = "Chris", family = "Mann", role = c("aut", "cre"), email = "cmann3@unl.edu") as necessary. Flavors: r-devel-linux-x86_64-debian-clang, r-devel-linux-x86_64-debian-gcc