Last updated on 2025-04-30 04:50:05 CEST.
Flavor | Version | Tinstall | Tcheck | Ttotal | Status | Flags |
---|---|---|---|---|---|---|
r-devel-linux-x86_64-debian-clang | 0.11.0 | 12.89 | 333.54 | 346.43 | NOTE | |
r-devel-linux-x86_64-debian-gcc | 0.11.0 | 8.99 | 188.31 | 197.30 | NOTE | |
r-devel-linux-x86_64-fedora-clang | 0.11.0 | 539.00 | OK | |||
r-devel-linux-x86_64-fedora-gcc | 0.11.0 | 468.83 | OK | |||
r-devel-windows-x86_64 | 0.11.0 | 15.00 | 262.00 | 277.00 | OK | |
r-patched-linux-x86_64 | 0.11.0 | 13.97 | 256.77 | 270.74 | OK | |
r-release-linux-x86_64 | 0.11.0 | 12.06 | 255.05 | 267.11 | OK | |
r-release-macos-arm64 | 0.11.0 | 178.00 | OK | |||
r-release-macos-x86_64 | 0.11.0 | 333.00 | OK | |||
r-release-windows-x86_64 | 0.11.0 | 15.00 | 267.00 | 282.00 | OK | |
r-oldrel-macos-arm64 | 0.11.0 | 178.00 | OK | |||
r-oldrel-macos-x86_64 | 0.11.0 | 229.00 | OK | |||
r-oldrel-windows-x86_64 | 0.11.0 | 20.00 | 328.00 | 348.00 | OK |
Version: 0.11.0
Check: CRAN incoming feasibility
Result: NOTE
Maintainer: ‘Teemu Daniel Laajala <teelaa@utu.fi>’
No Authors@R field in DESCRIPTION.
Please add one, modifying
Authors@R: c(person(given = c("Teemu", "Daniel"),
family = "Laajala",
role = c("aut", "cre"),
email = "teelaa@utu.fi"),
person(given = "Mika",
family = "Murtojarvi",
role = "ctb",
email = "mianmu2@hotmail.com"))
as necessary.
Flavors: r-devel-linux-x86_64-debian-clang, r-devel-linux-x86_64-debian-gcc
Version: 0.11.0
Check: examples
Result: NOTE
Examples with CPU (user + system) or elapsed time > 5s
user system elapsed
PEP-class 5.248 0.322 7.324
PSP-class 5.042 0.115 6.360
Flavor: r-devel-linux-x86_64-debian-clang